{"id":16151,"date":"2020-10-02T09:47:19","date_gmt":"2020-10-02T07:47:19","guid":{"rendered":"https:\/\/frisksport.se\/cirkusskolan\/?page_id=16151"},"modified":"2025-06-18T08:39:32","modified_gmt":"2025-06-18T06:39:32","slug":"kontakt","status":"publish","type":"page","link":"https:\/\/frisksport.se\/cirkusskolan\/kontakt\/","title":{"rendered":"Kontakt"},"content":{"rendered":"<p>[et_pb_section fb_built=&#8221;1&#8243; _builder_version=&#8221;4.16&#8243; _module_preset=&#8221;default&#8221; width=&#8221;99.9%&#8221; custom_padding=&#8221;0px||0px||false|false&#8221; global_colors_info=&#8221;{}&#8221;][et_pb_row _builder_version=&#8221;4.16&#8243; _module_preset=&#8221;default&#8221; width=&#8221;70%&#8221; width_tablet=&#8221;&#8221; width_phone=&#8221;80%&#8221; width_last_edited=&#8221;on|phone&#8221; global_colors_info=&#8221;{}&#8221;][et_pb_column type=&#8221;4_4&#8243; _builder_version=&#8221;4.16&#8243; _module_preset=&#8221;default&#8221; global_colors_info=&#8221;{}&#8221;][et_pb_text _builder_version=&#8221;4.9.4&#8243; _dynamic_attributes=&#8221;content,link_option_url&#8221; _module_preset=&#8221;default&#8221; text_font=&#8221;|700||on|||||&#8221; custom_margin=&#8221;15px|0px|-30px|0px|false|true&#8221; custom_padding=&#8221;15px|0px|10px|0px|false|true&#8221; link_option_url=&#8221;@ET-DC@eyJkeW5hbWljIjp0cnVlLCJjb250ZW50IjoicG9zdF9saW5rX3VybF9wYWdlIiwic2V0dGluZ3MiOnsicG9zdF9pZCI6IjE2NTAxIn19@&#8221; global_module=&#8221;17149&#8243; saved_tabs=&#8221;all&#8221; global_colors_info=&#8221;{}&#8221;]@ET-DC@eyJkeW5hbWljIjp0cnVlLCJjb250ZW50IjoicG9zdF90aXRsZSIsInNldHRpbmdzIjp7ImJlZm9yZSI6IkhFTSAvICIsImFmdGVyIjoiIn19@[\/et_pb_text][et_pb_text module_id=&#8221;om-frisksport&#8221; _builder_version=&#8221;4.16&#8243; _module_preset=&#8221;default&#8221; header_font_size_tablet=&#8221;&#8221; header_font_size_phone=&#8221;40px&#8221; header_font_size_last_edited=&#8221;on|phone&#8221; global_colors_info=&#8221;{}&#8221;]<\/p>\n<h1><strong>Kontakta oss<\/strong><\/h1>\n<p>[\/et_pb_text][et_pb_text _builder_version=&#8221;4.16.1&#8243; _module_preset=&#8221;default&#8221; link_text_color=&#8221;#3582e1&#8243; custom_margin=&#8221;||0px||false|false&#8221; global_colors_info=&#8221;{}&#8221;]<\/p>\n<h5>Kontakta oss genom att skicka ett mail till <a href=\"mailto:cirkusskolan@frisksport.se\">cirkusskolan@frisksport.se<\/a>. Har du en fr\u00e5ga? Titta d\u00e5 f\u00f6rst under <a href=\"\/fragor-svar\">FR\u00c5GOR &amp; SVAR<\/a> f\u00f6r att se om svaret p\u00e5 din fr\u00e5ga finns d\u00e4r!<\/h5>\n<p>[\/et_pb_text][et_pb_text _builder_version=&#8221;4.16.1&#8243; _module_preset=&#8221;default&#8221; global_colors_info=&#8221;{}&#8221;]<\/p>\n<h5>Under cirkusskoleveckorna kommer ledarna att finnas tillg\u00e4ngliga i respektive hall under dagen.<\/h5>\n<h5>Konto att betala avgiften till: BG 709-0905 eller Swish 123 280 70 30 (Kom ih\u00e5g att skriva deltagarens namn, plats, vecka och grupp p\u00e5 talongen\/som meddelande vid betalning).<\/h5>\n<h5>Observera att anm\u00e4lan till Cirkusskolan \u00e4r bindande och avanm\u00e4lan kan ske upp till en vecka innan Cirkusskolans start. D<span style=\"font-weight: 400;\">et g\u00e4ller \u00e4ven d\u00e4r det \u00e4r avgiftsfritt. <\/span>G\u00f6rs avanm\u00e4lan senare debiteras halva avgiften (350kr). Om ingen avanm\u00e4lan g\u00f6rs debiteras hela avgiften (700kr). F\u00f6r att avanm\u00e4la skickar du ett mail med deltagarens namn, personnummer och stad till <a href=\"mailto:cirkusskolan@frisksport.se\">cirkusskolan@frisksport.se<\/a>.<\/h5>\n<p>[\/et_pb_text][\/et_pb_column][\/et_pb_row][\/et_pb_section]<\/p>\n","protected":false},"excerpt":{"rendered":"<p>Kontakta ossKontakta oss genom att skicka ett mail till cirkusskolan@frisksport.se. Har du en fr\u00e5ga? Titta d\u00e5 f\u00f6rst under FR\u00c5GOR &amp; SVAR f\u00f6r att se om svaret p\u00e5 din fr\u00e5ga finns [&hellip;]<\/p>\n","protected":false},"author":2,"featured_media":0,"parent":0,"menu_order":0,"comment_status":"closed","ping_status":"closed","template":"","meta":{"_acf_changed":false,"_et_pb_use_builder":"on","_et_pb_old_content":"","_et_gb_content_width":"","footnotes":""},"class_list":["post-16151","page","type-page","status-publish","hentry"],"acf":[],"_links":{"self":[{"href":"https:\/\/frisksport.se\/cirkusskolan\/wp-json\/wp\/v2\/pages\/16151","targetHints":{"allow":["GET"]}}],"collection":[{"href":"https:\/\/frisksport.se\/cirkusskolan\/wp-json\/wp\/v2\/pages"}],"about":[{"href":"https:\/\/frisksport.se\/cirkusskolan\/wp-json\/wp\/v2\/types\/page"}],"author":[{"embeddable":true,"href":"https:\/\/frisksport.se\/cirkusskolan\/wp-json\/wp\/v2\/users\/2"}],"replies":[{"embeddable":true,"href":"https:\/\/frisksport.se\/cirkusskolan\/wp-json\/wp\/v2\/comments?post=16151"}],"version-history":[{"count":21,"href":"https:\/\/frisksport.se\/cirkusskolan\/wp-json\/wp\/v2\/pages\/16151\/revisions"}],"predecessor-version":[{"id":19181,"href":"https:\/\/frisksport.se\/cirkusskolan\/wp-json\/wp\/v2\/pages\/16151\/revisions\/19181"}],"wp:attachment":[{"href":"https:\/\/frisksport.se\/cirkusskolan\/wp-json\/wp\/v2\/media?parent=16151"}],"curies":[{"name":"wp","href":"https:\/\/api.w.org\/{rel}","templated":true}]}}