{"id":19057,"date":"2026-03-26T17:54:58","date_gmt":"2026-03-26T16:54:58","guid":{"rendered":"https:\/\/frisksport.se\/motala\/?post_type=tribe_events&#038;p=19057"},"modified":"2026-03-26T17:55:05","modified_gmt":"2026-03-26T16:55:05","slug":"frisksportkul-sommarlager-4","status":"publish","type":"tribe_events","link":"https:\/\/frisksport.se\/motala\/event\/frisksportkul-sommarlager-4\/","title":{"rendered":"Frisksportkul sommarl\u00e4ger"},"content":{"rendered":"<p>[et_pb_section fb_built=&#8221;1&#8243; admin_label=&#8221;section&#8221; _builder_version=&#8221;4.16&#8243; global_colors_info=&#8221;{}&#8221;][et_pb_row column_structure=&#8221;2_3,1_3&#8243; admin_label=&#8221;row&#8221; _builder_version=&#8221;4.17.4&#8243; background_size=&#8221;initial&#8221; background_position=&#8221;top_left&#8221; background_repeat=&#8221;repeat&#8221; width=&#8221;100%&#8221; global_colors_info=&#8221;{}&#8221;][et_pb_column type=&#8221;2_3&#8243; _builder_version=&#8221;4.16&#8243; custom_padding=&#8221;|||&#8221; global_colors_info=&#8221;{}&#8221; custom_padding__hover=&#8221;|||&#8221;][et_pb_image src=&#8221;https:\/\/frisksport.se\/motala\/wp-content\/uploads\/sites\/10\/2023\/04\/IMG_0906.jpeg&#8221; admin_label=&#8221;Evenemangsbild&#8221; _builder_version=&#8221;4.27.4&#8243; _module_preset=&#8221;default&#8221; hover_enabled=&#8221;0&#8243; global_colors_info=&#8221;{}&#8221; title_text=&#8221;IMG_0906&#8243; sticky_enabled=&#8221;0&#8243;][\/et_pb_image][et_pb_text admin_label=&#8221;Evenemangstext&#8221; _builder_version=&#8221;4.27.4&#8243; _module_preset=&#8221;default&#8221; hover_enabled=&#8221;0&#8243; global_colors_info=&#8221;{}&#8221; sticky_enabled=&#8221;0&#8243;]<\/p>\n<div class=\"xdj266r x14z9mp xat24cr x1lziwak x1vvkbs x126k92a\">\n<div dir=\"auto\">Nu \u00e4r det dags att anm\u00e4la sig till sommarens h\u00f6jdpunkt &#8211; Frisksportkul med Motala Frisksportklubb!<\/div>\n<\/div>\n<div class=\"x14z9mp xat24cr x1lziwak x1vvkbs xtlvy1s x126k92a\">\n<div dir=\"auto\">\u00a0<\/div>\n<div dir=\"auto\">H\u00e4rliga dagar, m\u00e5ndag &#8211; torsdag kl 09:30-15:30, fyllda med trampolin, gymnastik, bad, kanot, bollspel, jonglering, enhjuling, kl\u00e4tterv\u00e4gg mm f\u00f6r dig mellan 10-14 \u00e5r. Sommaren blir inte b\u00e4ttre \u00e4n s\u00e5 h\u00e4r! Vi pratar ocks\u00e5 om kost, motion och droger.<\/div>\n<\/div>\n<div class=\"x14z9mp xat24cr x1lziwak x1vvkbs xtlvy1s x126k92a\">\n<div dir=\"auto\">Plats: Frisksportstugan p\u00e5 R\u00e5ssn\u00e4s, Biskopsv\u00e4gen 37, Motala<\/div>\n<\/div>\n<div class=\"x14z9mp xat24cr x1lziwak x1vvkbs xtlvy1s x126k92a\">\n<div dir=\"auto\">\u00a0<\/div>\n<div dir=\"auto\">Vecka 25: 15-18 juni<\/div>\n<div dir=\"auto\">Vecka 26: 22-25 juni<\/div>\n<div dir=\"auto\">Vecka 27: 29 juni-2 juli<\/div>\n<\/div>\n<div class=\"x14z9mp xat24cr x1lziwak x1vvkbs xtlvy1s x126k92a\">\n<div dir=\"auto\">\u00a0<\/div>\n<div dir=\"auto\">Avgiften \u00e4r 1100:-\/vecka och d\u00e5 ing\u00e5r fika och en ordentlig lunch. Nytt f\u00f6r i \u00e5r \u00e4r \u00e4ven att medlemskap i Motala Frisksportklubb ing\u00e5r f\u00f6r barnet kommande verksamhets\u00e5r!<\/div>\n<\/div>\n<div class=\"x14z9mp xat24cr x1lziwak x1vvkbs xtlvy1s x126k92a\">\n<div dir=\"auto\">Anm\u00e4lan och mer information via l\u00e4nk<\/div>\n<\/div>\n<p>[\/et_pb_text][et_pb_text admin_label=&#8221;Evenemangskontakt&#8221; _builder_version=&#8221;4.27.4&#8243; _module_preset=&#8221;default&#8221; hover_enabled=&#8221;0&#8243; global_colors_info=&#8221;{}&#8221; sticky_enabled=&#8221;0&#8243;]<\/p>\n<p><strong>Kontakt:<br \/><\/strong>m.landoff@gmail.com<\/p>\n<p>[\/et_pb_text][\/et_pb_column][et_pb_column type=&#8221;1_3&#8243; _builder_version=&#8221;4.16&#8243; custom_padding=&#8221;|||&#8221; global_colors_info=&#8221;{}&#8221; custom_padding__hover=&#8221;|||&#8221;][et_pb_text admin_label=&#8221;Evenemangsdetaljer&#8221; _builder_version=&#8221;4.27.4&#8243; _module_preset=&#8221;default&#8221; hover_enabled=&#8221;0&#8243; global_colors_info=&#8221;{}&#8221; sticky_enabled=&#8221;0&#8243;]<\/p>\n<p><strong>Arrang\u00f6r:<br \/><\/strong>Motala Frisksportklubb<\/p>\n<p><strong>L\u00e4geravgift:<\/strong><br \/>1100 kr\/barn och vecka<\/p>\n<p><strong>Ing\u00e5r<\/strong>:<br \/>Lunch och fika alla dagarna samt medlemsskap kommande verksamhets\u00e5r.<\/p>\n<p><strong>\u00c5lder<\/strong>:<br \/>Barn 10-14 \u00e5r<\/p>\n<p><strong>Anm\u00e4lan:<\/strong><br \/>Anm\u00e4l dig via nedanst\u00e5ende l\u00e4nk, f\u00f6rst till kvarn g\u00e4ller<\/p>\n<p>[\/et_pb_text][et_pb_text disabled_on=&#8221;off|off|off&#8221; admin_label=&#8221;Anm\u00e4lanknapp&#8221; _builder_version=&#8221;4.27.4&#8243; _module_preset=&#8221;default&#8221; text_font=&#8221;Averta Extra Bold|||on|||||&#8221; text_text_color=&#8221;#FFE995&#8243; text_letter_spacing=&#8221;1.51px&#8221; background_color=&#8221;#0550B3&#8243; text_orientation=&#8221;center&#8221; custom_margin=&#8221;|15px||0px|false|false&#8221; custom_padding=&#8221;10px|30px|10px|30px|true|true&#8221; hover_enabled=&#8221;0&#8243; custom_css_main_element=&#8221;display: inline-block;&#8221; border_width_all=&#8221;2px&#8221; border_color_all=&#8221;#0550B3&#8243; box_shadow_style=&#8221;preset3&#8243; locked=&#8221;off&#8221; global_colors_info=&#8221;{}&#8221; link_option_url=&#8221;https:\/\/forms.cloud.microsoft\/pages\/responsepage.aspx?id=hYZ4gZTLCU-Fx04ybkqHmkDhj4adtBBOmlgDH-vsXERUQkhXN1ZNVE1FUlE3VkQ4V0NBUVlJOERMUy4u&amp;route=shorturl&amp;fbclid=IwY2xjawQyQ_NleHRuA2FlbQIxMABicmlkETAxcTlmcXVaRDhVM0pHVWhzc3J0YwZhcHBfaWQPNTE0NzcxNTY5MjI4MDYxAAEeo5DpMfpoY5Ei6e2NZk7Qh-nC7ekjp1NnQhGkghC8Kk6mxPe1ZmtHYnM1FOU_aem_UGvE0wvC6dzrr_cN754-xA&#8221; sticky_enabled=&#8221;0&#8243; link_option_url_new_window=&#8221;on&#8221;]<\/p>\n<p>TILL ANM\u00c4LAN<\/p>\n<p>[\/et_pb_text][\/et_pb_column][\/et_pb_row][\/et_pb_section]<\/p>\n","protected":false},"excerpt":{"rendered":"<p>Nu \u00e4r det dags att anm\u00e4la sig till sommarens h\u00f6jdpunkt &#8211; Frisksportkul med Motala Frisksportklubb! \u00a0 H\u00e4rliga dagar, m\u00e5ndag &#8211; torsdag kl 09:30-15:30, fyllda med trampolin, gymnastik, bad, kanot, bollspel, [&hellip;]<\/p>\n","protected":false},"author":19,"featured_media":18137,"template":"","meta":{"_acf_changed":false,"_et_pb_use_builder":"on","_et_pb_old_content":"","_et_gb_content_width":"","_tribe_events_status":"","_tribe_events_status_reason":"","footnotes":""},"tags":[],"tribe_events_cat":[],"class_list":["post-19057","tribe_events","type-tribe_events","status-publish","has-post-thumbnail","hentry"],"acf":[],"_links":{"self":[{"href":"https:\/\/frisksport.se\/motala\/wp-json\/wp\/v2\/tribe_events\/19057","targetHints":{"allow":["GET"]}}],"collection":[{"href":"https:\/\/frisksport.se\/motala\/wp-json\/wp\/v2\/tribe_events"}],"about":[{"href":"https:\/\/frisksport.se\/motala\/wp-json\/wp\/v2\/types\/tribe_events"}],"author":[{"embeddable":true,"href":"https:\/\/frisksport.se\/motala\/wp-json\/wp\/v2\/users\/19"}],"version-history":[{"count":3,"href":"https:\/\/frisksport.se\/motala\/wp-json\/wp\/v2\/tribe_events\/19057\/revisions"}],"predecessor-version":[{"id":19061,"href":"https:\/\/frisksport.se\/motala\/wp-json\/wp\/v2\/tribe_events\/19057\/revisions\/19061"}],"wp:featuredmedia":[{"embeddable":true,"href":"https:\/\/frisksport.se\/motala\/wp-json\/wp\/v2\/media\/18137"}],"wp:attachment":[{"href":"https:\/\/frisksport.se\/motala\/wp-json\/wp\/v2\/media?parent=19057"}],"wp:term":[{"taxonomy":"post_tag","embeddable":true,"href":"https:\/\/frisksport.se\/motala\/wp-json\/wp\/v2\/tags?post=19057"},{"taxonomy":"tribe_events_cat","embeddable":true,"href":"https:\/\/frisksport.se\/motala\/wp-json\/wp\/v2\/tribe_events_cat?post=19057"}],"curies":[{"name":"wp","href":"https:\/\/api.w.org\/{rel}","templated":true}]}}

Frisksportkul sommarläger

<p>[et_pb_section fb_built=&#8221;1&#8243; admin_label=&#8221;section&#8221; _builder_version=&#8221;4.16&#8243; global_colors_info=&#8221;{}&#8221;][et_pb_row column_structure=&#8221;2_3,1_3&#8243; admin_label=&#8221;row&#8221; _builder_version=&#8221;4.17.4&#8243; background_size=&#8221;initial&#8221; background_position=&#8221;top_left&#8221; background_repeat=&#8221;repeat&#8221; width=&#8221;100%&#8221; global_colors_info=&#8221;{}&#8221;][et_pb_column type=&#8221;2_3&#8243; _builder_version=&#8221;4.16&#8243; custom_padding=&#8221;|||&#8221; global_colors_info=&#8221;{}&#8221; custom_padding__hover=&#8221;|||&#8221;][et_pb_image src=&#8221;https://frisksport.se/motala/wp-content/uploads/sites/10/2023/04/IMG_0906.jpeg&#8221; admin_label=&#8221;Evenemangsbild&#8221; _builder_version=&#8221;4.27.4&#8243; _module_preset=&#8221;default&#8221; hover_enabled=&#8221;0&#8243; global_colors_info=&#8221;{}&#8221; title_text=&#8221;IMG_0906&#8243; sticky_enabled=&#8221;0&#8243;][/et_pb_image][et_pb_text admin_label=&#8221;Evenemangstext&#8221; _builder_version=&#8221;4.27.4&#8243; _module_preset=&#8221;default&#8221; hover_enabled=&#8221;0&#8243; global_colors_info=&#8221;{}&#8221; sticky_enabled=&#8221;0&#8243;]</p>
<div class="xdj266r x14z9mp xat24cr x1lziwak x1vvkbs x126k92a">
<div dir="auto">Nu är det dags att anmäla sig till sommarens höjdpunkt &#8211; Frisksportkul med Motala Frisksportklubb!</div>
</div>
<div class="x14z9mp xat24cr x1lziwak x1vvkbs xtlvy1s x126k92a">
<div dir="auto"> </div>
<div dir="auto">Härliga dagar, måndag &#8211; torsdag kl 09:30-15:30, fyllda med trampolin, gymnastik, bad, kanot, bollspel, jonglering, enhjuling, klättervägg mm för dig mellan 10-14 år. Sommaren blir inte bättre än så här! Vi pratar också om kost, motion och droger.</div>
</div>
<div class="x14z9mp xat24cr x1lziwak x1vvkbs xtlvy1s x126k92a">
<div dir="auto">Plats: Frisksportstugan på Råssnäs, Biskopsvägen 37, Motala</div>
</div>
<div class="x14z9mp xat24cr x1lziwak x1vvkbs xtlvy1s x126k92a">
<div dir="auto"> </div>
<div dir="auto">Vecka 25: 15-18 juni</div>
<div dir="auto">Vecka 26: 22-25 juni</div>
<div dir="auto">Vecka 27: 29 juni-2 juli</div>
</div>
<div class="x14z9mp xat24cr x1lziwak x1vvkbs xtlvy1s x126k92a">
<div dir="auto"> </div>
<div dir="auto">Avgiften är 1100:-/vecka och då ingår fika och en ordentlig lunch. Nytt för i år är även att medlemskap i Motala Frisksportklubb ingår för barnet kommande verksamhetsår!</div>
</div>
<div class="x14z9mp xat24cr x1lziwak x1vvkbs xtlvy1s x126k92a">
<div dir="auto">Anmälan och mer information via länk</div>
</div>
<p>[/et_pb_text][et_pb_text admin_label=&#8221;Evenemangskontakt&#8221; _builder_version=&#8221;4.27.4&#8243; _module_preset=&#8221;default&#8221; hover_enabled=&#8221;0&#8243; global_colors_info=&#8221;{}&#8221; sticky_enabled=&#8221;0&#8243;]</p>
<p><strong>Kontakt:<br /></strong>m.landoff@gmail.com</p>
<p>[/et_pb_text][/et_pb_column][et_pb_column type=&#8221;1_3&#8243; _builder_version=&#8221;4.16&#8243; custom_padding=&#8221;|||&#8221; global_colors_info=&#8221;{}&#8221; custom_padding__hover=&#8221;|||&#8221;][et_pb_text admin_label=&#8221;Evenemangsdetaljer&#8221; _builder_version=&#8221;4.27.4&#8243; _module_preset=&#8221;default&#8221; hover_enabled=&#8221;0&#8243; global_colors_info=&#8221;{}&#8221; sticky_enabled=&#8221;0&#8243;]</p>
<p><strong>Arrangör:<br /></strong>Motala Frisksportklubb</p>
<p><strong>Lägeravgift:</strong><br />1100 kr/barn och vecka</p>
<p><strong>Ingår</strong>:<br />Lunch och fika alla dagarna samt medlemsskap kommande verksamhetsår.</p>
<p><strong>Ålder</strong>:<br />Barn 10-14 år</p>
<p><strong>Anmälan:</strong><br />Anmäl dig via nedanstående länk, först till kvarn gäller</p>
<p>[/et_pb_text][et_pb_text disabled_on=&#8221;off|off|off&#8221; admin_label=&#8221;Anmälanknapp&#8221; _builder_version=&#8221;4.27.4&#8243; _module_preset=&#8221;default&#8221; text_font=&#8221;Averta Extra Bold|||on|||||&#8221; text_text_color=&#8221;#FFE995&#8243; text_letter_spacing=&#8221;1.51px&#8221; background_color=&#8221;#0550B3&#8243; text_orientation=&#8221;center&#8221; custom_margin=&#8221;|15px||0px|false|false&#8221; custom_padding=&#8221;10px|30px|10px|30px|true|true&#8221; hover_enabled=&#8221;0&#8243; custom_css_main_element=&#8221;display: inline-block;&#8221; border_width_all=&#8221;2px&#8221; border_color_all=&#8221;#0550B3&#8243; box_shadow_style=&#8221;preset3&#8243; locked=&#8221;off&#8221; global_colors_info=&#8221;{}&#8221; link_option_url=&#8221;https://forms.cloud.microsoft/pages/responsepage.aspx?id=hYZ4gZTLCU-Fx04ybkqHmkDhj4adtBBOmlgDH-vsXERUQkhXN1ZNVE1FUlE3VkQ4V0NBUVlJOERMUy4u&amp;route=shorturl&amp;fbclid=IwY2xjawQyQ_NleHRuA2FlbQIxMABicmlkETAxcTlmcXVaRDhVM0pHVWhzc3J0YwZhcHBfaWQPNTE0NzcxNTY5MjI4MDYxAAEeo5DpMfpoY5Ei6e2NZk7Qh-nC7ekjp1NnQhGkghC8Kk6mxPe1ZmtHYnM1FOU_aem_UGvE0wvC6dzrr_cN754-xA&#8221; sticky_enabled=&#8221;0&#8243; link_option_url_new_window=&#8221;on&#8221;]</p>
<p>TILL ANMÄLAN</p>
<p>[/et_pb_text][/et_pb_column][/et_pb_row][/et_pb_section]</p>

<p>Nu är det dags att anmäla sig till sommarens höjdpunkt &#8211; Frisksportkul med Motala Frisksportklubb!   Härliga dagar, måndag &#8211; torsdag kl 09:30-15:30, fyllda med trampolin, gymnastik, bad, kanot, bollspel, [&hellip;]</p>
