{"id":16151,"date":"2020-10-02T09:47:19","date_gmt":"2020-10-02T07:47:19","guid":{"rendered":"https:\/\/frisksport.se\/sjotest\/?page_id=16151"},"modified":"2026-04-28T11:09:22","modified_gmt":"2026-04-28T09:09:22","slug":"kontakt","status":"publish","type":"page","link":"https:\/\/frisksport.se\/sjo\/kontakt\/","title":{"rendered":"Kontakt"},"content":{"rendered":"<p>[et_pb_section fb_built=&#8221;1&#8243; _builder_version=&#8221;4.16&#8243; _module_preset=&#8221;default&#8221; global_colors_info=&#8221;{}&#8221;][et_pb_row _builder_version=&#8221;4.27.4&#8243; _module_preset=&#8221;default&#8221; width_tablet=&#8221;&#8221; width_phone=&#8221;90%&#8221; width_last_edited=&#8221;on|desktop&#8221; hover_enabled=&#8221;0&#8243; locked=&#8221;off&#8221; global_colors_info=&#8221;{}&#8221; sticky_enabled=&#8221;0&#8243; admin_label=&#8221;kontaktformular&#8221; custom_margin=&#8221;0px||0px||true|false&#8221; module_id=&#8221;kontaktformular&#8221;][et_pb_column type=&#8221;4_4&#8243; _builder_version=&#8221;4.16&#8243; _module_preset=&#8221;default&#8221; global_colors_info=&#8221;{}&#8221;][et_pb_divider _builder_version=&#8221;4.27.4&#8243; _module_preset=&#8221;default&#8221; hover_enabled=&#8221;0&#8243; sticky_enabled=&#8221;0&#8243;][\/et_pb_divider][et_pb_text module_class=&#8221;tagged tagged-h6&#8243; _builder_version=&#8221;4.17.4&#8243; _module_preset=&#8221;default&#8221; hover_enabled=&#8221;0&#8243; global_colors_info=&#8221;{}&#8221; sticky_enabled=&#8221;0&#8243;]<\/p>\n<h6>Kontaktformul\u00e4r<\/h6>\n<h2>H\u00f6r av dig till oss!<\/h2>\n<p>H\u00e4r kan du skicka ett e-post-meddelande s\u00e5 h\u00f6r vi av oss s\u00e5 snart vi kan.<\/p>\n<p>[\/et_pb_text][et_pb_contact_form captcha=&#8221;off&#8221; email=&#8221;sjo@frisksport.se&#8221; submit_button_text=&#8221;Skicka&#8221; _builder_version=&#8221;4.17.4&#8243; _module_preset=&#8221;default&#8221; _unique_id=&#8221;1095f0e1-b720-468e-bef9-e9409c39e5ee&#8221; custom_button=&#8221;on&#8221; button_text_size=&#8221;16px&#8221; button_text_color=&#8221;#0072DA&#8221; button_bg_color=&#8221;#FFF3BC&#8221; button_border_width=&#8221;0px&#8221; button_letter_spacing=&#8221;1px&#8221; button_font=&#8221;||||||||&#8221; button_custom_padding=&#8221;|30px||30px|false|true&#8221; custom_margin=&#8221;||0px||false|false&#8221; custom_padding=&#8221;||0px||false|false&#8221; locked=&#8221;off&#8221; global_colors_info=&#8221;{}&#8221;][et_pb_contact_field field_id=&#8221;Name&#8221; field_title=&#8221;Namn&#8221; _builder_version=&#8221;4.16&#8243; form_field_background_color=&#8221;#eaf6ff&#8221; form_field_text_color=&#8221;rgba(5,20,102,0.5)&#8221; form_field_font=&#8221;Averta Regular||||||||&#8221; global_colors_info=&#8221;{}&#8221; button_text_size__hover_enabled=&#8221;off&#8221; button_one_text_size__hover_enabled=&#8221;off&#8221; button_two_text_size__hover_enabled=&#8221;off&#8221; button_text_color__hover_enabled=&#8221;off&#8221; button_one_text_color__hover_enabled=&#8221;off&#8221; button_two_text_color__hover_enabled=&#8221;off&#8221; button_border_width__hover_enabled=&#8221;off&#8221; button_one_border_width__hover_enabled=&#8221;off&#8221; button_two_border_width__hover_enabled=&#8221;off&#8221; button_border_color__hover_enabled=&#8221;off&#8221; button_one_border_color__hover_enabled=&#8221;off&#8221; button_two_border_color__hover_enabled=&#8221;off&#8221; button_border_radius__hover_enabled=&#8221;off&#8221; button_one_border_radius__hover_enabled=&#8221;off&#8221; button_two_border_radius__hover_enabled=&#8221;off&#8221; button_letter_spacing__hover_enabled=&#8221;off&#8221; button_one_letter_spacing__hover_enabled=&#8221;off&#8221; button_two_letter_spacing__hover_enabled=&#8221;off&#8221; button_bg_color__hover_enabled=&#8221;off&#8221; button_one_bg_color__hover_enabled=&#8221;off&#8221; button_two_bg_color__hover_enabled=&#8221;off&#8221;][\/et_pb_contact_field][et_pb_contact_field field_id=&#8221;Email&#8221; field_title=&#8221;E-postadress&#8221; field_type=&#8221;email&#8221; _builder_version=&#8221;4.16&#8243; form_field_background_color=&#8221;#eaf6ff&#8221; form_field_text_color=&#8221;rgba(5,20,102,0.5)&#8221; form_field_font=&#8221;Averta Regular||||||||&#8221; global_colors_info=&#8221;{}&#8221; button_text_size__hover_enabled=&#8221;off&#8221; button_one_text_size__hover_enabled=&#8221;off&#8221; button_two_text_size__hover_enabled=&#8221;off&#8221; button_text_color__hover_enabled=&#8221;off&#8221; button_one_text_color__hover_enabled=&#8221;off&#8221; button_two_text_color__hover_enabled=&#8221;off&#8221; button_border_width__hover_enabled=&#8221;off&#8221; button_one_border_width__hover_enabled=&#8221;off&#8221; button_two_border_width__hover_enabled=&#8221;off&#8221; button_border_color__hover_enabled=&#8221;off&#8221; button_one_border_color__hover_enabled=&#8221;off&#8221; button_two_border_color__hover_enabled=&#8221;off&#8221; button_border_radius__hover_enabled=&#8221;off&#8221; button_one_border_radius__hover_enabled=&#8221;off&#8221; button_two_border_radius__hover_enabled=&#8221;off&#8221; button_letter_spacing__hover_enabled=&#8221;off&#8221; button_one_letter_spacing__hover_enabled=&#8221;off&#8221; button_two_letter_spacing__hover_enabled=&#8221;off&#8221; button_bg_color__hover_enabled=&#8221;off&#8221; button_one_bg_color__hover_enabled=&#8221;off&#8221; button_two_bg_color__hover_enabled=&#8221;off&#8221;][\/et_pb_contact_field][et_pb_contact_field field_id=&#8221;Field_4&#8243; field_title=&#8221;\u00c4mne&#8221; fullwidth_field=&#8221;on&#8221; _builder_version=&#8221;4.16&#8243; _module_preset=&#8221;default&#8221; form_field_background_color=&#8221;#eaf6ff&#8221; form_field_text_color=&#8221;rgba(5,20,102,0.5)&#8221; form_field_font=&#8221;Averta Regular||||||||&#8221; global_colors_info=&#8221;{}&#8221;][\/et_pb_contact_field][et_pb_contact_field field_id=&#8221;Message&#8221; field_title=&#8221;Meddelande&#8221; field_type=&#8221;text&#8221; fullwidth_field=&#8221;on&#8221; _builder_version=&#8221;4.17.4&#8243; form_field_background_color=&#8221;#eaf6ff&#8221; form_field_text_color=&#8221;rgba(5,20,102,0.49)&#8221; global_colors_info=&#8221;{}&#8221; button_text_size__hover_enabled=&#8221;off&#8221; button_one_text_size__hover_enabled=&#8221;off&#8221; button_two_text_size__hover_enabled=&#8221;off&#8221; button_text_color__hover_enabled=&#8221;off&#8221; button_one_text_color__hover_enabled=&#8221;off&#8221; button_two_text_color__hover_enabled=&#8221;off&#8221; button_border_width__hover_enabled=&#8221;off&#8221; button_one_border_width__hover_enabled=&#8221;off&#8221; button_two_border_width__hover_enabled=&#8221;off&#8221; button_border_color__hover_enabled=&#8221;off&#8221; button_one_border_color__hover_enabled=&#8221;off&#8221; button_two_border_color__hover_enabled=&#8221;off&#8221; button_border_radius__hover_enabled=&#8221;off&#8221; button_one_border_radius__hover_enabled=&#8221;off&#8221; button_two_border_radius__hover_enabled=&#8221;off&#8221; button_letter_spacing__hover_enabled=&#8221;off&#8221; button_one_letter_spacing__hover_enabled=&#8221;off&#8221; button_two_letter_spacing__hover_enabled=&#8221;off&#8221; button_bg_color__hover_enabled=&#8221;off&#8221; button_one_bg_color__hover_enabled=&#8221;off&#8221; button_two_bg_color__hover_enabled=&#8221;off&#8221;][\/et_pb_contact_field][\/et_pb_contact_form][\/et_pb_column][\/et_pb_row][et_pb_row _builder_version=&#8221;4.27.4&#8243; _module_preset=&#8221;default&#8221; admin_label=&#8221;kontaktpersoner&#8221; custom_margin=&#8221;0px||0px||true|false&#8221; module_id=&#8221;kontaktpersoner&#8221; hover_enabled=&#8221;0&#8243; sticky_enabled=&#8221;0&#8243;][et_pb_column _builder_version=&#8221;4.27.4&#8243; _module_preset=&#8221;default&#8221; type=&#8221;4_4&#8243;][et_pb_divider _builder_version=&#8221;4.17.4&#8243; _module_preset=&#8221;default&#8221; global_colors_info=&#8221;{}&#8221;][\/et_pb_divider][et_pb_text module_class=&#8221;tagged tagged-h6&#8243; _builder_version=&#8221;4.27.4&#8243; _module_preset=&#8221;default&#8221; global_colors_info=&#8221;{}&#8221;]<\/p>\n<h6>Kontaktpersoner<\/h6>\n<h2>V\u00e5ra ledare<\/h2>\n<h4>Allm\u00e4n information om klubben och aktiviteter:<\/h4>\n<p>Ordf\u00f6rande och aktivitetssamordnare: <a href=\"mailto:emfrisksport@hotmail.se\">Eva-Mari Ohlsson (klicka f\u00f6r e-post)<\/a><br \/>0383-77 00 73<\/p>\n<p>&nbsp;<\/p>\n<p>[\/et_pb_text][\/et_pb_column][\/et_pb_row][et_pb_row disabled_on=&#8221;on|on|on&#8221; _builder_version=&#8221;4.27.4&#8243; background_enable_color=&#8221;off&#8221; width_tablet=&#8221;&#8221; width_phone=&#8221;90%&#8221; width_last_edited=&#8221;on|tablet&#8221; custom_margin=&#8221;0px||0px||false|false&#8221; custom_padding=&#8221;||||false|false&#8221; hover_enabled=&#8221;0&#8243; border_width_all=&#8221;0px&#8221; disabled=&#8221;on&#8221; locked=&#8221;off&#8221; global_colors_info=&#8221;{}&#8221; title_font_size_phone=&#8221;20px&#8221; title_font_size_last_edited=&#8221;on|phone&#8221; closed_title_font_size_phone=&#8221;20px&#8221; closed_title_font_size_last_edited=&#8221;on|phone&#8221; sticky_enabled=&#8221;0&#8243;][et_pb_column type=&#8221;4_4&#8243; _builder_version=&#8221;4.16&#8243; custom_padding=&#8221;||||false|false&#8221; global_colors_info=&#8221;{}&#8221;][et_pb_toggle title=&#8221;Styrelse&#8221; open_toggle_text_color=&#8221;#036EDA&#8221; open_toggle_background_color=&#8221;#FFFFFF&#8221; closed_toggle_text_color=&#8221;#036EDA&#8221; closed_toggle_background_color=&#8221;#FFFFFF&#8221; icon_color=&#8221;#036EDA&#8221; use_icon_font_size=&#8221;on&#8221; icon_font_size=&#8221;30px&#8221; open_icon_color=&#8221;#036EDA&#8221; open_use_icon_font_size=&#8221;on&#8221; open_icon_font_size=&#8221;30px&#8221; _builder_version=&#8221;4.17.4&#8243; title_text_color=&#8221;#036EDA&#8221; title_level=&#8221;h3&#8243; title_font=&#8221;Averta Bold||||||||&#8221; title_font_size=&#8221;18px&#8221; title_letter_spacing=&#8221;1px&#8221; closed_title_font=&#8221;||||||||&#8221; closed_title_font_size=&#8221;18px&#8221; closed_title_letter_spacing=&#8221;1px&#8221; body_font=&#8221;Averta Regular||||||||&#8221; background_enable_color=&#8221;off&#8221; custom_margin=&#8221;||0px||false|false&#8221; custom_padding=&#8221;18px|30px||18px|false|false&#8221; title_font_size_tablet=&#8221;&#8221; title_font_size_phone=&#8221;20px&#8221; title_font_size_last_edited=&#8221;on|phone&#8221; closed_title_font_size_tablet=&#8221;&#8221; closed_title_font_size_phone=&#8221;20px&#8221; closed_title_font_size_last_edited=&#8221;on|phone&#8221; border_width_all=&#8221;0px&#8221; border_width_top=&#8221;2px&#8221; border_color_top=&#8221;#036EDA&#8221; border_width_bottom=&#8221;2px&#8221; border_color_bottom=&#8221;#036EDA&#8221; global_colors_info=&#8221;{}&#8221;]<\/p>\n<p><strong>Styrelse<br \/><\/strong><\/p>\n<p>Styrelsens\u00a0<a href=\"mailto:motala.styrelse@frisksport.se\">mail<\/a><\/p>\n<p>Ordf\u00f6rande: <a href=\"mailto:jesper.antonsson@frisksport.se\">Jesper Antonsson<\/a><a href=\"mailto:marie.ziemke.larsson@frisksport.se\"><br \/><\/a>Vice ordf\u00f6rande: <a href=\"mailto:kent.landoff@frisksport.se\">Kent Landoff<br \/><\/a>Kass\u00f6r: <a href=\"mailto:mikael.lindstrom@frisksport.se\">Mikael Lindst\u00f6m<\/a><a href=\"mailto:jesper.antonsson@frisksport.se\"><br \/><\/a>Ledam\u00f6ter: <a href=\"mailto:sara.johansson@frisksport.se\">Sara Johansson<\/a>, <a href=\"mailto:Mathilda.landoff@frisksport.se\">Mathilda Landoff<\/a>,\u00a0Daniel Wallman och\u00a0Mathias Henriksson<br \/>Suppleanter:Kristin Broberg och Tim \u00c5hman<\/p>\n<p>[\/et_pb_toggle][et_pb_toggle title=&#8221;Eventkommitt\u00e9n&#8221; open_toggle_background_color=&#8221;#FFFFFF&#8221; closed_toggle_text_color=&#8221;#036EDA&#8221; closed_toggle_background_color=&#8221;#FFFFFF&#8221; icon_color=&#8221;#036EDA&#8221; use_icon_font_size=&#8221;on&#8221; icon_font_size=&#8221;30px&#8221; open_icon_color=&#8221;#036EDA&#8221; open_use_icon_font_size=&#8221;on&#8221; open_icon_font_size=&#8221;30px&#8221; _builder_version=&#8221;4.17.4&#8243; title_font=&#8221;Averta Bold||||||||&#8221; title_font_size=&#8221;24px&#8221; title_letter_spacing=&#8221;1px&#8221; closed_title_font=&#8221;||||||||&#8221; closed_title_font_size=&#8221;18px&#8221; closed_title_letter_spacing=&#8221;1px&#8221; background_enable_color=&#8221;off&#8221; custom_margin=&#8221;||0px||false|false&#8221; custom_padding=&#8221;|30px||18px|false|false&#8221; title_font_size_tablet=&#8221;&#8221; title_font_size_phone=&#8221;20px&#8221; title_font_size_last_edited=&#8221;on|phone&#8221; closed_title_font_size_tablet=&#8221;&#8221; closed_title_font_size_phone=&#8221;20px&#8221; closed_title_font_size_last_edited=&#8221;on|phone&#8221; border_width_all=&#8221;0px&#8221; border_width_bottom=&#8221;2px&#8221; border_color_bottom=&#8221;#036EDA&#8221; global_colors_info=&#8221;{}&#8221;]<\/p>\n<p class=\"Paragraph SCXW243063809 BCX4\"><span><span class=\"EOP SCXW243063809 BCX4\"><a href=\"mailto:motala.event@frisksport.se\">Mejla eventkommitt\u00e9n<\/a><\/span><\/span><\/p>\n<p class=\"Paragraph SCXW243063809 BCX4\"><span><span class=\"EOP SCXW243063809 BCX4\">Josefine Landoff<\/span><\/span><span><br \/><\/span><span>Lina Wennerbo<br \/>Olivia Stanic\u00a0<\/span><\/p>\n<p>[\/et_pb_toggle][et_pb_toggle title=&#8221;Stugkommitt\u00e9n&#8221; open_toggle_background_color=&#8221;#FFFFFF&#8221; closed_toggle_text_color=&#8221;#036EDA&#8221; closed_toggle_background_color=&#8221;#FFFFFF&#8221; icon_color=&#8221;#036EDA&#8221; use_icon_font_size=&#8221;on&#8221; icon_font_size=&#8221;30px&#8221; open_icon_color=&#8221;#036EDA&#8221; open_use_icon_font_size=&#8221;on&#8221; open_icon_font_size=&#8221;30px&#8221; _builder_version=&#8221;4.17.4&#8243; title_font=&#8221;Averta Bold||||||||&#8221; title_font_size=&#8221;24px&#8221; title_letter_spacing=&#8221;1px&#8221; closed_title_font=&#8221;||||||||&#8221; closed_title_font_size=&#8221;18px&#8221; closed_title_letter_spacing=&#8221;1px&#8221; background_enable_color=&#8221;off&#8221; custom_margin=&#8221;||0px||false|false&#8221; custom_padding=&#8221;|30px||18px|false|false&#8221; title_font_size_tablet=&#8221;&#8221; title_font_size_phone=&#8221;20px&#8221; title_font_size_last_edited=&#8221;on|phone&#8221; closed_title_font_size_tablet=&#8221;&#8221; closed_title_font_size_phone=&#8221;20px&#8221; closed_title_font_size_last_edited=&#8221;on|phone&#8221; border_width_all=&#8221;0px&#8221; border_width_bottom=&#8221;2px&#8221; border_color_bottom=&#8221;#036EDA&#8221; global_colors_info=&#8221;{}&#8221;]<\/p>\n<p class=\"Paragraph SCXW243063809 BCX4\"><span><span class=\"EOP SCXW243063809 BCX4\"><a href=\"mailto:motala.stugan@frisksport.se\">Maila stugkommitt\u00e9n<\/a><\/span><\/span><\/p>\n<p class=\"Paragraph SCXW243063809 BCX4\"><span><span class=\"EOP SCXW243063809 BCX4\">Magnus Thelander<br \/>Britt-Marie Westin<br \/><\/span><\/span><span>Jan-\u00c5ke Westin<br \/>Kent Martinsson<br \/>Krister Str\u00f6m\u00a0<\/span><\/p>\n<p>&nbsp;<\/p>\n<p>[\/et_pb_toggle][et_pb_toggle title=&#8221;Arrangemangskommitt\u00e9n&#8221; open_toggle_background_color=&#8221;#FFFFFF&#8221; closed_toggle_text_color=&#8221;#036EDA&#8221; closed_toggle_background_color=&#8221;#FFFFFF&#8221; icon_color=&#8221;#036EDA&#8221; use_icon_font_size=&#8221;on&#8221; icon_font_size=&#8221;30px&#8221; open_icon_color=&#8221;#036EDA&#8221; open_use_icon_font_size=&#8221;on&#8221; open_icon_font_size=&#8221;30px&#8221; _builder_version=&#8221;4.17.4&#8243; title_font=&#8221;Averta Bold||||||||&#8221; title_font_size=&#8221;24px&#8221; title_letter_spacing=&#8221;1px&#8221; closed_title_font=&#8221;||||||||&#8221; closed_title_font_size=&#8221;18px&#8221; closed_title_letter_spacing=&#8221;1px&#8221; background_enable_color=&#8221;off&#8221; custom_margin=&#8221;||0px||false|false&#8221; custom_padding=&#8221;|30px||18px|false|false&#8221; title_font_size_tablet=&#8221;&#8221; title_font_size_phone=&#8221;20px&#8221; title_font_size_last_edited=&#8221;on|phone&#8221; closed_title_font_size_tablet=&#8221;&#8221; closed_title_font_size_phone=&#8221;20px&#8221; closed_title_font_size_last_edited=&#8221;on|phone&#8221; border_width_all=&#8221;0px&#8221; border_width_bottom=&#8221;2px&#8221; border_color_bottom=&#8221;#036EDA&#8221; global_colors_info=&#8221;{}&#8221;]<\/p>\n<p class=\"Paragraph SCXW243063809 BCX4\"><span><a href=\"mailto:motala.arrangemang@frisksport.se\">Maila arrangemangskommitt\u00e9n<\/a><br \/><\/span><\/p>\n<p class=\"Paragraph SCXW243063809 BCX4\"><span><span class=\"EOP SCXW243063809 BCX4\">Sofia Wennerbo<br \/><\/span><\/span><span>Marita Johansson<br \/>Marie Ziemke Larsson<br \/>Cecilia Cerny\u00a0<\/span><\/p>\n<p>&nbsp;<\/p>\n<p>[\/et_pb_toggle][et_pb_toggle title=&#8221;Revisorer och revisorsuppleanter&#8221; open_toggle_background_color=&#8221;#FFFFFF&#8221; closed_toggle_text_color=&#8221;#036EDA&#8221; closed_toggle_background_color=&#8221;#FFFFFF&#8221; icon_color=&#8221;#036EDA&#8221; use_icon_font_size=&#8221;on&#8221; icon_font_size=&#8221;30px&#8221; open_icon_color=&#8221;#036EDA&#8221; open_use_icon_font_size=&#8221;on&#8221; open_icon_font_size=&#8221;30px&#8221; _builder_version=&#8221;4.17.4&#8243; title_font=&#8221;Averta Bold||||||||&#8221; title_font_size=&#8221;24px&#8221; title_letter_spacing=&#8221;1px&#8221; closed_title_font=&#8221;||||||||&#8221; closed_title_font_size=&#8221;18px&#8221; closed_title_letter_spacing=&#8221;1px&#8221; background_enable_color=&#8221;off&#8221; custom_margin=&#8221;||0px||false|false&#8221; custom_padding=&#8221;|30px||18px|false|false&#8221; title_font_size_tablet=&#8221;&#8221; title_font_size_phone=&#8221;20px&#8221; title_font_size_last_edited=&#8221;on|phone&#8221; closed_title_font_size_tablet=&#8221;&#8221; closed_title_font_size_phone=&#8221;20px&#8221; closed_title_font_size_last_edited=&#8221;on|phone&#8221; border_width_all=&#8221;0px&#8221; border_width_bottom=&#8221;2px&#8221; border_color_bottom=&#8221;#036EDA&#8221; global_colors_info=&#8221;{}&#8221;]<\/p>\n<h4 class=\"Paragraph SCXW243063809 BCX4\"><span><span class=\"EOP SCXW243063809 BCX4\">Revisorer:<\/span><\/span><\/h4>\n<p class=\"Paragraph SCXW243063809 BCX4\"><span><span class=\"EOP SCXW243063809 BCX4\">Ann-Kristin Riedel<br \/><\/span><\/span><span>Emelie Malmborg<\/span><\/p>\n<h4 class=\"Paragraph SCXW243063809 BCX4\"><span><span class=\"EOP SCXW243063809 BCX4\">Revisorssuppleanter:<\/span><\/span><\/h4>\n<p class=\"Paragraph SCXW243063809 BCX4\"><span><span class=\"EOP SCXW243063809 BCX4\">Stina Str\u00f6m<br \/><\/span><\/span><span>Tommie Str\u00f6m<\/span><\/p>\n<p>&nbsp;<\/p>\n<p>[\/et_pb_toggle][et_pb_toggle title=&#8221;Valberedningen&#8221; open_toggle_background_color=&#8221;#FFFFFF&#8221; closed_toggle_text_color=&#8221;#036EDA&#8221; closed_toggle_background_color=&#8221;#FFFFFF&#8221; icon_color=&#8221;#036EDA&#8221; use_icon_font_size=&#8221;on&#8221; icon_font_size=&#8221;30px&#8221; open_icon_color=&#8221;#036EDA&#8221; open_use_icon_font_size=&#8221;on&#8221; open_icon_font_size=&#8221;30px&#8221; _builder_version=&#8221;4.17.4&#8243; title_font=&#8221;Averta Bold||||||||&#8221; title_font_size=&#8221;24px&#8221; title_letter_spacing=&#8221;1px&#8221; closed_title_font=&#8221;||||||||&#8221; closed_title_font_size=&#8221;18px&#8221; closed_title_letter_spacing=&#8221;1px&#8221; background_enable_color=&#8221;off&#8221; custom_margin=&#8221;||0px||false|false&#8221; custom_padding=&#8221;|30px||18px|false|false&#8221; title_font_size_tablet=&#8221;&#8221; title_font_size_phone=&#8221;20px&#8221; title_font_size_last_edited=&#8221;on|phone&#8221; closed_title_font_size_tablet=&#8221;&#8221; closed_title_font_size_phone=&#8221;20px&#8221; closed_title_font_size_last_edited=&#8221;on|phone&#8221; border_width_all=&#8221;0px&#8221; border_width_bottom=&#8221;2px&#8221; border_color_bottom=&#8221;#036EDA&#8221; global_colors_info=&#8221;{}&#8221;]<\/p>\n<p>G\u00f6ran Bengtsson<br \/>Ebba Gustavsson<\/p>\n<p>[\/et_pb_toggle][\/et_pb_column][\/et_pb_row][et_pb_row column_structure=&#8221;1_3,1_3,1_3&#8243; disabled_on=&#8221;on|on|on&#8221; _builder_version=&#8221;4.27.4&#8243; _module_preset=&#8221;default&#8221; hover_enabled=&#8221;0&#8243; disabled=&#8221;on&#8221; global_colors_info=&#8221;{}&#8221; sticky_enabled=&#8221;0&#8243;][et_pb_column type=&#8221;1_3&#8243; _builder_version=&#8221;4.17.4&#8243; _module_preset=&#8221;default&#8221; global_colors_info=&#8221;{}&#8221;][et_pb_team_member image_url=&#8221;https:\/\/frisksport.se\/sjotest\/wp-content\/uploads\/sites\/30\/2022\/11\/portrattbild-exempel.png&#8221; _builder_version=&#8221;4.17.4&#8243; _module_preset=&#8221;default&#8221; width=&#8221;66%&#8221; module_alignment=&#8221;center&#8221; border_radii_image=&#8221;on|400px|400px|400px|400px&#8221; border_color_all_image=&#8221;RGBA(255,255,255,0)&#8221; global_colors_info=&#8221;{}&#8221;]<\/p>\n<p style=\"text-align: center\"><strong>Jan Jansson<\/strong><br \/>Ordf\u00f6rande<br \/>jan.jansson@frisksport.se<\/p>\n<p>[\/et_pb_team_member][\/et_pb_column][et_pb_column type=&#8221;1_3&#8243; _builder_version=&#8221;4.17.4&#8243; _module_preset=&#8221;default&#8221; global_colors_info=&#8221;{}&#8221;][et_pb_team_member image_url=&#8221;https:\/\/frisksport.se\/sjotest\/wp-content\/uploads\/sites\/30\/2022\/11\/portrattbild-exempel.png&#8221; _builder_version=&#8221;4.17.4&#8243; _module_preset=&#8221;default&#8221; width=&#8221;66%&#8221; module_alignment=&#8221;center&#8221; border_radii_image=&#8221;on|400px|400px|400px|400px&#8221; border_color_all_image=&#8221;RGBA(255,255,255,0)&#8221; global_colors_info=&#8221;{}&#8221;]<\/p>\n<p style=\"text-align: center\"><strong>Jan Jansson<\/strong><br \/>Sekreterare<br \/>jan.jansson@frisksport.se<\/p>\n<p>[\/et_pb_team_member][\/et_pb_column][et_pb_column type=&#8221;1_3&#8243; _builder_version=&#8221;4.17.4&#8243; _module_preset=&#8221;default&#8221; global_colors_info=&#8221;{}&#8221;][et_pb_team_member image_url=&#8221;https:\/\/frisksport.se\/sjotest\/wp-content\/uploads\/sites\/30\/2022\/11\/portrattbild-exempel.png&#8221; _builder_version=&#8221;4.17.4&#8243; _module_preset=&#8221;default&#8221; width=&#8221;66%&#8221; module_alignment=&#8221;center&#8221; border_radii_image=&#8221;on|400px|400px|400px|400px&#8221; border_color_all_image=&#8221;RGBA(255,255,255,0)&#8221; global_colors_info=&#8221;{}&#8221;]<\/p>\n<p style=\"text-align: center\"><strong>Jan Jansson<\/strong><br \/>Kass\u00f6r<br \/>jan.jansson@frisksport.se<\/p>\n<p>[\/et_pb_team_member][\/et_pb_column][\/et_pb_row][et_pb_row disabled_on=&#8221;off|off|off&#8221; _builder_version=&#8221;4.27.4&#8243; background_enable_color=&#8221;off&#8221; custom_margin=&#8221;0px||0px||false|false&#8221; custom_padding=&#8221;||||false|false&#8221; hover_enabled=&#8221;0&#8243; border_width_all=&#8221;0px&#8221; locked=&#8221;off&#8221; global_colors_info=&#8221;{}&#8221; title_font_size_phone=&#8221;20px&#8221; title_font_size_last_edited=&#8221;on|phone&#8221; closed_title_font_size_phone=&#8221;20px&#8221; closed_title_font_size_last_edited=&#8221;on|phone&#8221; admin_label=&#8221;kontaktadress&#8221; module_id=&#8221;kontaktadress&#8221; sticky_enabled=&#8221;0&#8243;][et_pb_column type=&#8221;4_4&#8243; _builder_version=&#8221;4.16&#8243; custom_padding=&#8221;||||false|false&#8221; global_colors_info=&#8221;{}&#8221;][et_pb_divider _builder_version=&#8221;4.17.4&#8243; _module_preset=&#8221;default&#8221; global_colors_info=&#8221;{}&#8221;][\/et_pb_divider][et_pb_text _builder_version=&#8221;4.17.4&#8243; _module_preset=&#8221;default&#8221; hover_enabled=&#8221;0&#8243; global_colors_info=&#8221;{}&#8221; sticky_enabled=&#8221;0&#8243;]<\/p>\n<h6>Adress<\/h6>\n<h2>Kontaktadress<\/h2>\n<div>\n<div class=\"et_pb_module none divienhancer-hover-effect et_pb_text et_pb_text_27  et_pb_text_align_left et_pb_bg_layout_light\">\n<div class=\"et_pb_text_inner\">\n<h5>H\u00e4r hittar du kontaktuppgifter till v\u00e5r klubb:<\/h5>\n<h5><strong>Ordf\u00f6rande:<\/strong><br \/>Eva-Mari Ohlsson<br \/><a href=\"tel:0383770073\">0383-77 00 73<\/a><\/h5>\n<h5><strong>Kass\u00f6r:<\/strong><br \/>Leif Ohlsson<\/h5>\n<h5>F\u00f6r e-post anv\u00e4nd:<br \/>fornamn.efternamn@frisksport.se<\/h5>\n<p><strong>E-post:<\/strong> <a href=\"mailto:sjo@frisksport.se\">sjo@frisksport.se<\/a><\/p>\n<\/div>\n<\/div>\n<div class=\"et_pb_module none divienhancer-hover-effect et_pb_text et_pb_text_28  et_pb_text_align_left et_pb_bg_layout_light\">\n<div class=\"et_pb_text_inner\">\n<h5><strong>Postadress:<\/strong><br \/>FK Sj\u00f6<br \/>c\/o Eva-Mari Ohlsson<br \/>N\u00e4s 1<br \/>576 92 S\u00e4vsj\u00f6<\/h5>\n<\/div>\n<\/div>\n<\/div>\n<p>[\/et_pb_text][\/et_pb_column][\/et_pb_row][\/et_pb_section]<\/p>\n","protected":false},"excerpt":{"rendered":"<p>Kontaktformul\u00e4r H\u00f6r av dig till oss! H\u00e4r kan du skicka ett e-post-meddelande s\u00e5 h\u00f6r vi av oss s\u00e5 snart vi kan.Kontaktpersoner V\u00e5ra ledare Allm\u00e4n information om klubben och aktiviteter: Ordf\u00f6rande [&hellip;]<\/p>\n","protected":false},"author":2,"featured_media":0,"parent":0,"menu_order":0,"comment_status":"closed","ping_status":"closed","template":"page-tpl-w-sticky-sidebar.php","meta":{"_acf_changed":false,"_et_pb_use_builder":"on","_et_pb_old_content":"","_et_gb_content_width":"","footnotes":""},"class_list":["post-16151","page","type-page","status-publish","hentry"],"acf":[],"_links":{"self":[{"href":"https:\/\/frisksport.se\/sjo\/wp-json\/wp\/v2\/pages\/16151","targetHints":{"allow":["GET"]}}],"collection":[{"href":"https:\/\/frisksport.se\/sjo\/wp-json\/wp\/v2\/pages"}],"about":[{"href":"https:\/\/frisksport.se\/sjo\/wp-json\/wp\/v2\/types\/page"}],"author":[{"embeddable":true,"href":"https:\/\/frisksport.se\/sjo\/wp-json\/wp\/v2\/users\/2"}],"replies":[{"embeddable":true,"href":"https:\/\/frisksport.se\/sjo\/wp-json\/wp\/v2\/comments?post=16151"}],"version-history":[{"count":61,"href":"https:\/\/frisksport.se\/sjo\/wp-json\/wp\/v2\/pages\/16151\/revisions"}],"predecessor-version":[{"id":18829,"href":"https:\/\/frisksport.se\/sjo\/wp-json\/wp\/v2\/pages\/16151\/revisions\/18829"}],"wp:attachment":[{"href":"https:\/\/frisksport.se\/sjo\/wp-json\/wp\/v2\/media?parent=16151"}],"curies":[{"name":"wp","href":"https:\/\/api.w.org\/{rel}","templated":true}]}}