{"id":18066,"date":"2023-04-18T10:34:29","date_gmt":"2023-04-18T08:34:29","guid":{"rendered":"https:\/\/frisksport.se\/varnamotest\/?page_id=18066"},"modified":"2026-02-28T08:00:54","modified_gmt":"2026-02-28T07:00:54","slug":"cheerleading-2","status":"publish","type":"page","link":"https:\/\/frisksport.se\/varnamo\/cheerleading-2\/","title":{"rendered":"Cheerleading"},"content":{"rendered":"<p>[et_pb_section fb_built=&#8221;1&#8243; _builder_version=&#8221;4.16&#8243; _module_preset=&#8221;default&#8221; global_colors_info=&#8221;{}&#8221;][et_pb_row column_structure=&#8221;2_3,1_3&#8243; _builder_version=&#8221;4.17.4&#8243; _module_preset=&#8221;default&#8221; width_tablet=&#8221;&#8221; width_phone=&#8221;90%&#8221; width_last_edited=&#8221;on|phone&#8221; custom_margin_tablet=&#8221;&#8221; custom_margin_phone=&#8221;&#8221; custom_margin_last_edited=&#8221;on|phone&#8221; locked=&#8221;off&#8221; global_colors_info=&#8221;{}&#8221;][et_pb_column type=&#8221;2_3&#8243; _builder_version=&#8221;4.16&#8243; _module_preset=&#8221;default&#8221; global_colors_info=&#8221;{}&#8221;][et_pb_text module_class=&#8221;breadcrumbs&#8221; _builder_version=&#8221;4.17.4&#8243; _dynamic_attributes=&#8221;content&#8221; _module_preset=&#8221;default&#8221; text_font=&#8221;Averta-Bold||||||||&#8221; custom_margin=&#8221;||15px||false|false&#8221; custom_margin_tablet=&#8221;||15px||false|false&#8221; custom_margin_phone=&#8221;||0px||false|false&#8221; custom_margin_last_edited=&#8221;on|phone&#8221; locked=&#8221;off&#8221; global_colors_info=&#8221;{}&#8221;]@ET-DC@eyJkeW5hbWljIjp0cnVlLCJjb250ZW50IjoicG9zdF90aXRsZSIsInNldHRpbmdzIjp7ImJlZm9yZSI6IiIsImFmdGVyIjoiIiwiZW5hYmxlX2h0bWwiOiJvZmYifX0=@[\/et_pb_text][et_pb_text module_id=&#8221;om-frisksport&#8221; _builder_version=&#8221;4.17.4&#8243; _module_preset=&#8221;default&#8221; custom_margin=&#8221;15px||15px||true|false&#8221; custom_margin_tablet=&#8221;15px||15px||true|false&#8221; custom_margin_phone=&#8221;0px||0px||true|false&#8221; custom_margin_last_edited=&#8221;on|tablet&#8221; global_colors_info=&#8221;{}&#8221;]<\/p>\n<h1>Frisksport Cheer Elite<\/h1>\n<p>[\/et_pb_text][et_pb_text _builder_version=&#8221;4.21.0&#8243; _module_preset=&#8221;default&#8221; custom_padding=&#8221;||0px|||&#8221; global_colors_info=&#8221;{}&#8221;]<\/p>\n<div class=\"\">\n<h4>Cheerleadingen \u00e4r en efterfr\u00e5gad aktivitet i V\u00e4rnamo. Vi \u00e4r en aktivitet med god sammanh\u00e5llning och har alltid v\u00e4ldigt roligt tillsammans. V\u00e5rt m\u00e5l \u00e4r att alla oavsett ekonomiska f\u00f6ruts\u00e4ttningar ska kunna vara med och tr\u00e4na tillsammans med oss, ha roligt och att kunna utvecklas i sin egen takt.<\/h4>\n<p>Cheerleading handlar inte om att st\u00e5 och vifta med pompoms vid sidan av en match i exempelvis fotboll. Allstar cheerleading som vi sysslar med, \u00e4r en lagsport som g\u00e5r ut p\u00e5 att skapa ett program till \u00e5tta-r\u00e4kningsmusik d\u00e4r det ska ing\u00e5 stunt, gymnastik, pyramid, hopp och dans. Ett program brukar vara mellan 1-2,5 minut. Detta \u00e4r sedan n\u00e5got som g\u00e5r att t\u00e4vla i d\u00e4r man d\u00e5 visar upp lagets program. V\u00e5r cheerleading verksamhet brukar varje s\u00e4song \u00e5ka och delta p\u00e5 t\u00e4vlingar. Det \u00e4r 1-2 t\u00e4vlingar f\u00f6r de t\u00e4vlingsf\u00f6rberedande lagen och 3-4 t\u00e4vlingar f\u00f6r de t\u00e4vlingslagen. Vi brukar \u00e4ven visa upp v\u00e5r verksamhet p\u00e5 olika evenemang i V\u00e4rnamo, som exempelvis \u201dV\u00e4rnamo Kalaset\u201d.<\/p>\n<div class=\"\" dir=\"auto\">\n<p dir=\"auto\">I dagsl\u00e4get har cheerleadingen ca 140 st ut\u00f6vare. Just nu har vi k\u00f6 till en del av v\u00e5ra grupper. Men \u00e4r du\/ditt barn intresserad av att bli en del av v\u00e5r verksamhet s\u00e5 finns all information som beh\u00f6vs l\u00e4ngre ner p\u00e5 sidan!<\/p>\n<\/div>\n<\/div>\n<p>[\/et_pb_text][et_pb_image src=&#8221;https:\/\/frisksport.se\/varnamo\/wp-content\/uploads\/sites\/29\/2024\/03\/image_6487327-e1709576086182.jpg&#8221; title_text=&#8221;image_6487327&#8243; disabled_on=&#8221;on|on|on&#8221; _builder_version=&#8221;4.24.2&#8243; _module_preset=&#8221;default&#8221; height=&#8221;100px&#8221; height_tablet=&#8221;100px&#8221; height_phone=&#8221;75px&#8221; height_last_edited=&#8221;on|phone&#8221; custom_css_main_element=&#8221;float:left;&#8221; border_radii=&#8221;on|90px|90px|90px|90px&#8221; disabled=&#8221;on&#8221; locked=&#8221;off&#8221; global_colors_info=&#8221;{}&#8221;][\/et_pb_image][et_pb_text disabled_on=&#8221;on|on|on&#8221; _builder_version=&#8221;4.21.0&#8243; _module_preset=&#8221;default&#8221; custom_margin=&#8221;60px|120px|60px|120px|false|true&#8221; custom_margin_tablet=&#8221;&#8221; custom_margin_phone=&#8221;30px|0px|50px|90px|false|false&#8221; custom_margin_last_edited=&#8221;on|phone&#8221; custom_padding=&#8221;||||false|false&#8221; disabled=&#8221;on&#8221; locked=&#8221;off&#8221; global_colors_info=&#8221;{}&#8221;]<\/p>\n<h5><span style=\"font-size: 16px\"><strong>Sanna Sigvardsson<\/strong><br \/>\n<\/span>Cheerleadingsektionen<\/h5>\n<p>[\/et_pb_text][et_pb_divider _builder_version=&#8221;4.17.4&#8243; _module_preset=&#8221;default&#8221; custom_margin=&#8221;||30px||false|false&#8221; global_colors_info=&#8221;{}&#8221;][\/et_pb_divider][et_pb_text module_class=&#8221;tagged tagged-h6&#8243; _builder_version=&#8221;4.21.0&#8243; _module_preset=&#8221;default&#8221; global_colors_info=&#8221;{}&#8221;]<\/p>\n<h6>F\u00f6lj oss<\/h6>\n<h2>Frisksport Cheer Elites kanaler<\/h2>\n<p>Cheerleadingsektionen g\u00f6r alla sina regelbundna uppdateringar via sina sociala kanaler! F\u00f6lj Frisksport Cheer Elite f\u00f6r att h\u00e5lla dig uppdaterad. Du hittar ocks\u00e5 varje enskilt lag p\u00e5 instagram.<br \/>\n[\/et_pb_text][et_pb_button button_url=&#8221;https:\/\/www.instagram.com\/frisksportcheerelite\/&#8221; button_text=&#8221;Frisksportcheerelite&#8221; button_alignment=&#8221;center&#8221; _builder_version=&#8221;4.17.4&#8243; _module_preset=&#8221;default&#8221; custom_button=&#8221;on&#8221; button_text_size=&#8221;14px&#8221; button_text_color=&#8221;#0072DA&#8221; button_bg_color=&#8221;#FFF3BC&#8221; button_border_width=&#8221;6px&#8221; button_border_color=&#8221;#FFF3BC&#8221; button_border_radius=&#8221;0px&#8221; button_letter_spacing=&#8221;1.2px&#8221; button_font=&#8221;Averta Extra Bold|||on|||||&#8221; button_icon=&#8221;\ue0b1||divi||400&#8243; button_icon_placement=&#8221;left&#8221; button_on_hover=&#8221;off&#8221; custom_margin=&#8221;|10px|||false|false&#8221; custom_padding=&#8221;10px|30px|10px|30px|false|false&#8221; box_shadow_style=&#8221;preset3&#8243; locked=&#8221;off&#8221; global_colors_info=&#8221;{}&#8221;][\/et_pb_button][et_pb_button button_url=&#8221;https:\/\/www.facebook.com\/frisksportcheerelite&#8221; button_text=&#8221;Frisksportcheerelite&#8221; button_alignment=&#8221;left&#8221; _builder_version=&#8221;4.17.4&#8243; _module_preset=&#8221;default&#8221; custom_button=&#8221;on&#8221; button_text_size=&#8221;14px&#8221; button_text_color=&#8221;#0072DA&#8221; button_bg_color=&#8221;#FFF3BC&#8221; button_border_width=&#8221;6px&#8221; button_border_color=&#8221;#FFF3BC&#8221; button_border_radius=&#8221;0px&#8221; button_letter_spacing=&#8221;1.2px&#8221; button_font=&#8221;Averta Extra Bold|||on|||||&#8221; button_icon=&#8221;\ue0aa||divi||400&#8243; button_icon_placement=&#8221;left&#8221; button_on_hover=&#8221;off&#8221; custom_margin=&#8221;|10px|||false|false&#8221; custom_padding=&#8221;10px|30px|10px|30px|false|false&#8221; box_shadow_style=&#8221;preset3&#8243; locked=&#8221;off&#8221; global_colors_info=&#8221;{}&#8221;][\/et_pb_button][et_pb_image src=&#8221;https:\/\/frisksport.se\/varnamo\/wp-content\/uploads\/sites\/29\/2024\/02\/cheer.jpg&#8221; title_text=&#8221;cheer&#8221; _builder_version=&#8221;4.21.0&#8243; _module_preset=&#8221;default&#8221; global_colors_info=&#8221;{}&#8221;][\/et_pb_image][\/et_pb_column][et_pb_column type=&#8221;1_3&#8243; module_id=&#8221;sticky&#8221; disabled_on=&#8221;on|on|off&#8221; _builder_version=&#8221;4.16&#8243; _module_preset=&#8221;default&#8221; global_colors_info=&#8221;{}&#8221;][et_pb_text _builder_version=&#8221;4.17.4&#8243; _module_preset=&#8221;default&#8221; header_font=&#8221;Averta-Bold||||||||&#8221; header_6_font=&#8221;Averta-Bold|||on|||||&#8221; custom_margin=&#8221;0px||10px||false|false&#8221; border_width_bottom=&#8221;2px&#8221; border_color_bottom=&#8221;#051466&#8243; locked=&#8221;off&#8221; global_colors_info=&#8221;{}&#8221;]<\/p>\n<h6>Inneh\u00e5ll<\/h6>\n<p>[\/et_pb_text][et_pb_text module_class=&#8221;content&#8221; _builder_version=&#8221;4.17.4&#8243; _module_preset=&#8221;default&#8221; text_text_color=&#8221;#051466&#8243; header_4_text_color=&#8221;#0072DA&#8221; locked=&#8221;off&#8221; global_colors_info=&#8221;{}&#8221;]<\/p>\n<h4><a>Genererar Inneh\u00e5llsf\u00f6rteckning<\/a><\/h4>\n<p>[\/et_pb_text][et_pb_text _builder_version=&#8221;4.17.4&#8243; _module_preset=&#8221;default&#8221; header_font=&#8221;||||||||&#8221; header_6_font=&#8221;Averta-Bold|||on|||||&#8221; custom_margin=&#8221;40px||10px||false|false&#8221; border_width_bottom=&#8221;2px&#8221; border_color_bottom=&#8221;#051466&#8243; locked=&#8221;off&#8221; global_colors_info=&#8221;{}&#8221;]<\/p>\n<h6>Relaterat<\/h6>\n<p>[\/et_pb_text][et_pb_text _builder_version=&#8221;4.17.4&#8243; _dynamic_attributes=&#8221;link_option_url&#8221; _module_preset=&#8221;default&#8221; text_font=&#8221;Averta Bold|||on|||||&#8221; text_text_color=&#8221;#036EDA&#8221; text_letter_spacing=&#8221;0.5px&#8221; text_line_height=&#8221;35px&#8221; header_2_font=&#8221;Averta Bold||||||||&#8221; background_image=&#8221;https:\/\/frisksport.se\/varnamotest\/wp-content\/uploads\/sites\/29\/2023\/04\/pil-eller-plus2.png&#8221; background_size=&#8221;contain&#8221; background_position=&#8221;center_left&#8221; custom_margin=&#8221;||20px||false|false&#8221; custom_padding=&#8221;|||50px|false|false&#8221; link_option_url=&#8221;@ET-DC@eyJkeW5hbWljIjp0cnVlLCJjb250ZW50IjoicG9zdF9saW5rX3VybF9wYWdlIiwic2V0dGluZ3MiOnsicG9zdF9pZCI6IjE2MTUxIiwiZW5hYmxlX2h0bWwiOiJvZmYifX0=@&#8221; locked=&#8221;off&#8221; global_colors_info=&#8221;{}&#8221;]Kontakt<br \/>\n[\/et_pb_text][et_pb_text _builder_version=&#8221;4.17.4&#8243; _dynamic_attributes=&#8221;link_option_url&#8221; _module_preset=&#8221;default&#8221; text_font=&#8221;Averta Bold|||on|||||&#8221; text_text_color=&#8221;#036EDA&#8221; text_letter_spacing=&#8221;0.5px&#8221; text_line_height=&#8221;35px&#8221; header_2_font=&#8221;Averta Bold||||||||&#8221; background_image=&#8221;https:\/\/frisksport.se\/varnamotest\/wp-content\/uploads\/sites\/29\/2023\/04\/pil-eller-plus2.png&#8221; background_size=&#8221;contain&#8221; background_position=&#8221;center_left&#8221; custom_margin=&#8221;||20px||false|false&#8221; custom_padding=&#8221;|||50px|false|false&#8221; link_option_url=&#8221;@ET-DC@eyJkeW5hbWljIjp0cnVlLCJjb250ZW50IjoicG9zdF9saW5rX3VybF9wYWdlIiwic2V0dGluZ3MiOnsicG9zdF9pZCI6IjE2NjQxIiwiZW5hYmxlX2h0bWwiOiJvZmYifX0=@&#8221; locked=&#8221;off&#8221; global_colors_info=&#8221;{}&#8221;]Alla aktiviteter<br \/>\n[\/et_pb_text][et_pb_text _builder_version=&#8221;4.17.4&#8243; _dynamic_attributes=&#8221;link_option_url&#8221; _module_preset=&#8221;default&#8221; text_font=&#8221;Averta Bold|||on|||||&#8221; text_text_color=&#8221;#036EDA&#8221; text_letter_spacing=&#8221;0.5px&#8221; text_line_height=&#8221;35px&#8221; header_2_font=&#8221;Averta Bold||||||||&#8221; background_image=&#8221;https:\/\/frisksport.se\/varnamotest\/wp-content\/uploads\/sites\/29\/2023\/04\/pil-eller-plus2.png&#8221; background_size=&#8221;contain&#8221; background_position=&#8221;center_left&#8221; custom_margin=&#8221;||20px||false|false&#8221; custom_padding=&#8221;|||50px|false|false&#8221; link_option_url=&#8221;@ET-DC@eyJkeW5hbWljIjp0cnVlLCJjb250ZW50IjoicG9zdF9saW5rX3VybF9wYWdlIiwic2V0dGluZ3MiOnsicG9zdF9pZCI6IjE2MTQ3IiwiZW5hYmxlX2h0bWwiOiJvZmYifX0=@&#8221; locked=&#8221;off&#8221; global_colors_info=&#8221;{}&#8221;]Kalendern<br \/>\n[\/et_pb_text][\/et_pb_column][\/et_pb_row][et_pb_row column_structure=&#8221;2_3,1_3&#8243; disabled_on=&#8221;off|off|off&#8221; _builder_version=&#8221;4.17.4&#8243; _module_preset=&#8221;default&#8221; width_tablet=&#8221;&#8221; width_phone=&#8221;90%&#8221; width_last_edited=&#8221;on|phone&#8221; global_colors_info=&#8221;{}&#8221;][et_pb_column type=&#8221;2_3&#8243; _builder_version=&#8221;4.17.4&#8243; _module_preset=&#8221;default&#8221; global_colors_info=&#8221;{}&#8221;][et_pb_divider _builder_version=&#8221;4.17.4&#8243; _module_preset=&#8221;default&#8221; global_colors_info=&#8221;{}&#8221;][\/et_pb_divider][et_pb_text module_class=&#8221;tagged tagged-h6&#8243; _builder_version=&#8221;4.21.0&#8243; _module_preset=&#8221;default&#8221; global_colors_info=&#8221;{}&#8221;]<\/p>\n<h6>Alla lag<\/h6>\n<h2>V\u00e5ra olika lag<\/h2>\n<p>[\/et_pb_text][et_pb_text module_class=&#8221;tagged tagged-h6&#8243; _builder_version=&#8221;4.24.2&#8243; _module_preset=&#8221;default&#8221; global_colors_info=&#8221;{}&#8221;]<\/p>\n<h4>V\u00e5ra lag:<\/h4>\n<div class=\"\">\n<div class=\"\" dir=\"auto\">\n<p style=\"font-weight: 400\"><a href=\"https:\/\/www.instagram.com\/fce.shade?igsh=MWx1cWE2ajQxcDYycg==\" target=\"_blank\" rel=\"noopener\"><span style=\"color: #0000ff\">SHADE<\/span><\/a>, junior groupstunt t\u00e4vling, 2008-2011<\/p>\n<p style=\"font-weight: 400\"><a href=\"https:\/\/www.instagram.com\/fce.blackout?igsh=NXBibWdrYXdvdTF4\" target=\"_blank\" rel=\"noopener\"><span style=\"color: #0000ff\">BLACKOUT<\/span><\/a>, junior level 2 t\u00e4vling, 2007-2011<\/p>\n<p style=\"font-weight: 400\"><a href=\"https:\/\/www.instagram.com\/fce.midnight?igsh=ejhwYnN4emU2MTNt\" target=\"_blank\" rel=\"noopener\"><span style=\"color: #0000ff\">MIDNIGHT<\/span><\/a>, junior level 1 t\u00e4vling, 2008-2012<\/p>\n<p style=\"font-weight: 400\"><a href=\"https:\/\/www.instagram.com\/fce.moonlight?igsh=MTdrZHM0YmZ6OTg0NQ==\" target=\"_blank\" rel=\"noopener\"><span style=\"color: #0000ff\">MOONLIGHT<\/span><\/a>, minior level 1 t\u00e4vling, 2011-2013<\/p>\n<p style=\"font-weight: 400\"><a href=\"https:\/\/www.instagram.com\/fce.nightfall?igsh=MXRuanRlNXViOGhjNw==\" target=\"_blank\" rel=\"noopener\"><span style=\"color: #0000ff\">NIGHTFALL<\/span><\/a>, junior\/minior t\u00e4vlingsf\u00f6rberedande, 2010-2013<\/p>\n<p style=\"font-weight: 400\"><a href=\"https:\/\/www.instagram.com\/fce.twilight?igsh=ZjZ2and2Y2U5NW5t\" target=\"_blank\" rel=\"noopener\"><span style=\"color: #0000ff\">TWILIGHT<\/span><\/a>, minior nyb\u00f6rjare, 2012-2014<\/p>\n<p style=\"font-weight: 400\"><a href=\"https:\/\/www.instagram.com\/fce.eclipse?igsh=YjU5Y2F1d3l6MjBl\" target=\"_blank\" rel=\"noopener\"><span style=\"color: #0000ff\">ECLIPSE<\/span><\/a>, miniminior forts\u00e4ttning, 2014-2016<\/p>\n<p style=\"font-weight: 400\"><a href=\"https:\/\/www.instagram.com\/fce.stars?igsh=dDc3NnA0YXBmZ3oy\" target=\"_blank\" rel=\"noopener\"><span style=\"color: #0000ff\">STARS<\/span><\/a>, miniminior forts\u00e4ttning, 2014-2016<\/p>\n<p style=\"font-weight: 400\"><a href=\"https:\/\/www.instagram.com\/fce.sunset?igsh=MXFxYm5qZ2gyd29kYg==\" target=\"_blank\" rel=\"noopener\"><span style=\"color: #0000ff\">SUNSET<\/span><\/a>, miniminior nyb\u00f6rjare, 2014-2017<\/p>\n<p style=\"font-weight: 400\"><a href=\"https:\/\/www.instagram.com\/fce.twinkles?igsh=ZGRiMzlhajA0MTFl\" target=\"_blank\" rel=\"noopener\"><span style=\"color: #0000ff\">TWINKLES<\/span><\/a>, miniminior nyb\u00f6rjare, 2014-2017<\/p>\n<p style=\"font-weight: 400\"><span style=\"color: #0000ff\"><a href=\"https:\/\/www.instagram.com\/fce.sunset?igsh=MXFxYm5qZ2gyd29kYg==\" target=\"_blank\" rel=\"noopener\">SPARKLE,<\/a> <span style=\"color: #01000a\">miniminior nyb\u00f6rjare,<\/span> <span style=\"color: #000014\">2015-2018<\/span><\/span><\/p>\n<p style=\"font-weight: 400\">\n<\/div>\n<div class=\"\" dir=\"auto\"><\/div>\n<div class=\"\" dir=\"auto\"><\/div>\n<div class=\"\" dir=\"auto\"><\/div>\n<div class=\"\" dir=\"auto\"><\/div>\n<div class=\"\" dir=\"auto\"><\/div>\n<\/div>\n<p>[\/et_pb_text][et_pb_image src=&#8221;https:\/\/frisksport.se\/varnamo\/wp-content\/uploads\/sites\/29\/2024\/01\/image_6487327.jpg&#8221; title_text=&#8221;image_6487327&#8243; disabled_on=&#8221;on|on|on&#8221; _builder_version=&#8221;4.21.0&#8243; _module_preset=&#8221;default&#8221; disabled=&#8221;on&#8221; global_colors_info=&#8221;{}&#8221;][\/et_pb_image][et_pb_divider _builder_version=&#8221;4.17.4&#8243; _module_preset=&#8221;default&#8221; global_colors_info=&#8221;{}&#8221;][\/et_pb_divider][et_pb_text module_class=&#8221;tagged tagged-h6&#8243; _builder_version=&#8221;4.24.2&#8243; _module_preset=&#8221;default&#8221; global_colors_info=&#8221;{}&#8221;]<\/p>\n<h6>Har du fr\u00e5gor?<\/h6>\n<h2>V\u00e5ra ledare<\/h2>\n<h5>H\u00f6r g\u00e4rna av dig till oss om du har fr\u00e5gor!<br \/>\nKontakt:<\/h5>\n<h5>Mejl: <a href=\"mailto:frisksportcheerelite@outlook.com\">frisksportcheerelite@gmail.com<\/a><\/h5>\n<h5>Sms: 073 153 53 05<\/h5>\n<div><\/div>\n<h4 dir=\"auto\"><\/h4>\n<h4 dir=\"auto\">Ledare f\u00f6r lagen:<\/h4>\n<div class=\"\" dir=\"auto\">\n<p style=\"font-weight: 400\">SHADE: Alice Larsson, Lisa Fredriksson<\/p>\n<p style=\"font-weight: 400\">BLACKOUT: Alice Larsson, Lisa Fredriksson<\/p>\n<p style=\"font-weight: 400\">MIDNIGHT: Ebba Sund\u00e9n, Siri Klovhall, Alice Larsson<\/p>\n<p style=\"font-weight: 400\">MOONLIGHT: Tuva-li Per\u00e4l\u00e4, Moa Stanell, Siri Wilson, Tuva Lundin<\/p>\n<p style=\"font-weight: 400\">NIGHTFALL: Tuva Lindetorp, Tyra Holmberg, Ebba Pettersson<\/p>\n<p style=\"font-weight: 400\">TWILIGHT: Elly Blom, Olivia Wilbertsson, Saga Vanecek<\/p>\n<p style=\"font-weight: 400\">ECLIPSE: Edith Remneh\u00f6jd, Alva Thuresson, Felicia Bervebrink<\/p>\n<p style=\"font-weight: 400\">STARS: Ellie Bragd, Ester Heidarsdottir, Astrid Kullinger<\/p>\n<p style=\"font-weight: 400\">SUNSET: Elsie Aronsson, Nellie Andersson, Isabella Axelsson<\/p>\n<p><span style=\"font-weight: 400\">TWINKLES: Elin Hinds\u00e9n, Vera Karlsson, Saga Str\u00f6m<\/span><\/p>\n<p>SPARKLE: Elin Hinds\u00e9n, Elly Blom, Melanie Calan.<\/p>\n<p>&nbsp;<\/p>\n<\/div>\n<p>[\/et_pb_text][\/et_pb_column][et_pb_column type=&#8221;1_3&#8243; _builder_version=&#8221;4.17.4&#8243; _module_preset=&#8221;default&#8221; global_colors_info=&#8221;{}&#8221;][\/et_pb_column][\/et_pb_row][et_pb_row column_structure=&#8221;1_5,1_5,1_5,1_5,1_5&#8243; disabled_on=&#8221;off|off|off&#8221; _builder_version=&#8221;4.17.4&#8243; _module_preset=&#8221;default&#8221; width_tablet=&#8221;&#8221; width_phone=&#8221;&#8221; width_last_edited=&#8221;on|phone&#8221; locked=&#8221;off&#8221; global_colors_info=&#8221;{}&#8221;][et_pb_column type=&#8221;1_5&#8243; _builder_version=&#8221;4.17.4&#8243; _module_preset=&#8221;default&#8221; global_colors_info=&#8221;{}&#8221;][et_pb_team_member image_url=&#8221;https:\/\/frisksport.se\/varnamo\/wp-content\/uploads\/sites\/29\/2023\/04\/medlem.png&#8221; disabled_on=&#8221;off|off|off&#8221; _builder_version=&#8221;4.21.0&#8243; _module_preset=&#8221;default&#8221; width=&#8221;66%&#8221; module_alignment=&#8221;center&#8221; border_radii_image=&#8221;on|400px|400px|400px|400px&#8221; border_color_all_image=&#8221;RGBA(255,255,255,0)&#8221; global_colors_info=&#8221;{}&#8221;]<\/p>\n<p style=\"text-align: center\"><b>Alice Larsson<br \/>\n<\/b>Sektions-ansvarig<\/p>\n<p>[\/et_pb_team_member][\/et_pb_column][et_pb_column type=&#8221;1_5&#8243; _builder_version=&#8221;4.17.4&#8243; _module_preset=&#8221;default&#8221; global_colors_info=&#8221;{}&#8221;][et_pb_team_member image_url=&#8221;https:\/\/frisksport.se\/varnamo\/wp-content\/uploads\/sites\/29\/2023\/04\/medlem.png&#8221; disabled_on=&#8221;off|off|off&#8221; _builder_version=&#8221;4.21.0&#8243; _module_preset=&#8221;default&#8221; width=&#8221;66%&#8221; module_alignment=&#8221;center&#8221; border_radii_image=&#8221;on|400px|400px|400px|400px&#8221; border_color_all_image=&#8221;RGBA(255,255,255,0)&#8221; locked=&#8221;off&#8221; global_colors_info=&#8221;{}&#8221;]<\/p>\n<p style=\"text-align: center\"><strong>Lisa Fredriksson<br \/>\n<\/strong>Sektions-ansvarig<\/p>\n<p>[\/et_pb_team_member][\/et_pb_column][et_pb_column type=&#8221;1_5&#8243; _builder_version=&#8221;4.17.4&#8243; _module_preset=&#8221;default&#8221; global_colors_info=&#8221;{}&#8221;][et_pb_team_member image_url=&#8221;https:\/\/frisksport.se\/varnamo\/wp-content\/uploads\/sites\/29\/2024\/03\/image_6487327-e1709576086182.jpg&#8221; disabled_on=&#8221;on|on|on&#8221; _builder_version=&#8221;4.21.0&#8243; _module_preset=&#8221;default&#8221; width=&#8221;66%&#8221; module_alignment=&#8221;center&#8221; border_radii_image=&#8221;on|400px|400px|400px|400px&#8221; border_color_all_image=&#8221;RGBA(255,255,255,0)&#8221; disabled=&#8221;on&#8221; global_colors_info=&#8221;{}&#8221;]<\/p>\n<p style=\"text-align: center\"><b>Alva Nilvius<br \/>\n<\/b>Sektions-ansvarig<\/p>\n<p>[\/et_pb_team_member][\/et_pb_column][et_pb_column type=&#8221;1_5&#8243; _builder_version=&#8221;4.21.0&#8243; _module_preset=&#8221;default&#8221; global_colors_info=&#8221;{}&#8221;][\/et_pb_column][et_pb_column type=&#8221;1_5&#8243; _builder_version=&#8221;4.17.4&#8243; _module_preset=&#8221;default&#8221; global_colors_info=&#8221;{}&#8221;][\/et_pb_column][\/et_pb_row][\/et_pb_section]<\/p>\n","protected":false},"excerpt":{"rendered":"<p>Frisksport Cheer Elite Cheerleadingen \u00e4r en efterfr\u00e5gad aktivitet i V\u00e4rnamo. Vi \u00e4r en aktivitet med god sammanh\u00e5llning och har alltid v\u00e4ldigt roligt tillsammans. V\u00e5rt m\u00e5l \u00e4r att alla oavsett ekonomiska [&hellip;]<\/p>\n","protected":false},"author":4,"featured_media":0,"parent":0,"menu_order":0,"comment_status":"closed","ping_status":"closed","template":"","meta":{"_acf_changed":false,"_et_pb_use_builder":"on","_et_pb_old_content":"","_et_gb_content_width":"","footnotes":""},"class_list":["post-18066","page","type-page","status-publish","hentry"],"acf":[],"_links":{"self":[{"href":"https:\/\/frisksport.se\/varnamo\/wp-json\/wp\/v2\/pages\/18066","targetHints":{"allow":["GET"]}}],"collection":[{"href":"https:\/\/frisksport.se\/varnamo\/wp-json\/wp\/v2\/pages"}],"about":[{"href":"https:\/\/frisksport.se\/varnamo\/wp-json\/wp\/v2\/types\/page"}],"author":[{"embeddable":true,"href":"https:\/\/frisksport.se\/varnamo\/wp-json\/wp\/v2\/users\/4"}],"replies":[{"embeddable":true,"href":"https:\/\/frisksport.se\/varnamo\/wp-json\/wp\/v2\/comments?post=18066"}],"version-history":[{"count":51,"href":"https:\/\/frisksport.se\/varnamo\/wp-json\/wp\/v2\/pages\/18066\/revisions"}],"predecessor-version":[{"id":19789,"href":"https:\/\/frisksport.se\/varnamo\/wp-json\/wp\/v2\/pages\/18066\/revisions\/19789"}],"wp:attachment":[{"href":"https:\/\/frisksport.se\/varnamo\/wp-json\/wp\/v2\/media?parent=18066"}],"curies":[{"name":"wp","href":"https:\/\/api.w.org\/{rel}","templated":true}]}}