{"id":18170,"date":"2023-04-18T13:55:09","date_gmt":"2023-04-18T11:55:09","guid":{"rendered":"https:\/\/frisksport.se\/varnamotest\/?page_id=18170"},"modified":"2026-04-23T09:52:15","modified_gmt":"2026-04-23T07:52:15","slug":"dokument","status":"publish","type":"page","link":"https:\/\/frisksport.se\/varnamo\/dokument\/","title":{"rendered":"Dokument"},"content":{"rendered":"<p>[et_pb_section fb_built=&#8221;1&#8243; _builder_version=&#8221;4.16&#8243; _module_preset=&#8221;default&#8221; global_colors_info=&#8221;{}&#8221;][et_pb_row _builder_version=&#8221;4.27.4&#8243; _module_preset=&#8221;default&#8221; width_tablet=&#8221;&#8221; width_phone=&#8221;90%&#8221; width_last_edited=&#8221;on|phone&#8221; custom_margin_tablet=&#8221;&#8221; custom_margin_phone=&#8221;0px||0px||true|false&#8221; custom_margin_last_edited=&#8221;on|phone&#8221; hover_enabled=&#8221;0&#8243; locked=&#8221;off&#8221; global_colors_info=&#8221;{}&#8221; admin_label=&#8221;reserakning&#8221; module_id=&#8221;reserakning&#8221; sticky_enabled=&#8221;0&#8243;][et_pb_column type=&#8221;4_4&#8243; _builder_version=&#8221;4.16&#8243; _module_preset=&#8221;default&#8221; global_colors_info=&#8221;{}&#8221;][et_pb_divider _builder_version=&#8221;4.27.4&#8243; _module_preset=&#8221;default&#8221; global_colors_info=&#8221;{}&#8221;][\/et_pb_divider][et_pb_text module_class=&#8221;tagged tagged-h6&#8243; _builder_version=&#8221;4.17.4&#8243; _module_preset=&#8221;default&#8221; global_colors_info=&#8221;{}&#8221;]<\/p>\n<h6>Reser\u00e4kning<\/h6>\n<h2>Utl\u00e4gg och resor<\/h2>\n<p>[\/et_pb_text][et_pb_text module_class=&#8221;tagged tagged-h6&#8243; _builder_version=&#8221;4.24.2&#8243; _module_preset=&#8221;default&#8221; global_colors_info=&#8221;{}&#8221;]<\/p>\n<p>F\u00f6r ledare och f\u00f6rtroendevalda som \u00e5ker p\u00e5 uppdrag av klubben ges milers\u00e4ttning p\u00e5 25 kr\/mil f\u00f6r resa med bil och utl\u00e4gg f\u00f6r exempelvis t\u00e5gbiljetter\/ink\u00f6p av utrustning ers\u00e4tts givetvis. Fyll i din reser\u00e4kning p\u00e5 blanketterna h\u00e4r.<\/p>\n<p>Det \u00e4r tv\u00e5 olika blanketter beroende p\u00e5 vilken klubb du gjort utl\u00e4gget f\u00f6r. VFK \u00e4r V\u00e4rnamo Frisksportklubb (st\u00e5r fr\u00e4mst f\u00f6r veckoverksamhet) och VFU \u00e4r V\u00e4rnamo Frisksportungdom (ordnar fr\u00e4mst resor och utflykter). Om du \u00e4r os\u00e4ker p\u00e5 vilken klubb ditt utl\u00e4gg g\u00e4ller, kontakta Fredric Svensson, v\u00e5r kass\u00f6r.<\/p>\n<p>[\/et_pb_text][et_pb_button button_url=&#8221;https:\/\/frisksport.se\/varnamo\/wp-content\/uploads\/sites\/29\/2024\/06\/Reserakning-VFK-2.pdf&#8221; url_new_window=&#8221;on&#8221; button_text=&#8221;Reser\u00e4kning VFK&#8221; button_alignment=&#8221;left&#8221; _builder_version=&#8221;4.24.2&#8243; _module_preset=&#8221;default&#8221; custom_button=&#8221;on&#8221; button_text_size=&#8221;14px&#8221; button_text_color=&#8221;#0072DA&#8221; button_bg_color=&#8221;#FFF3BC&#8221; button_border_color=&#8221;#FFF3BC&#8221; button_border_radius=&#8221;0px&#8221; button_letter_spacing=&#8221;1.2px&#8221; button_font=&#8221;Averta Extra Bold|||on|||||&#8221; custom_margin=&#8221;|10px|||false|false&#8221; custom_padding=&#8221;10px|30px|10px|30px|false|false&#8221; locked=&#8221;off&#8221; global_colors_info=&#8221;{}&#8221;][\/et_pb_button][et_pb_button button_url=&#8221;https:\/\/frisksport.se\/varnamo\/wp-content\/uploads\/sites\/29\/2024\/06\/Reserakning-VFU-2.pdf&#8221; url_new_window=&#8221;on&#8221; button_text=&#8221;Reser\u00e4kning VFU&#8221; button_alignment=&#8221;left&#8221; _builder_version=&#8221;4.27.4&#8243; _module_preset=&#8221;default&#8221; custom_button=&#8221;on&#8221; button_text_size=&#8221;14px&#8221; button_text_color=&#8221;#0072DA&#8221; button_bg_color=&#8221;#FFF3BC&#8221; button_border_color=&#8221;#FFF3BC&#8221; button_border_radius=&#8221;0px&#8221; button_letter_spacing=&#8221;1.2px&#8221; button_font=&#8221;Averta Extra Bold|||on|||||&#8221; custom_margin=&#8221;|10px|||false|false&#8221; custom_padding=&#8221;10px|30px|10px|30px|false|false&#8221; hover_enabled=&#8221;0&#8243; locked=&#8221;off&#8221; global_colors_info=&#8221;{}&#8221; sticky_enabled=&#8221;0&#8243;][\/et_pb_button][\/et_pb_column][\/et_pb_row][et_pb_row _builder_version=&#8221;4.27.4&#8243; _module_preset=&#8221;default&#8221; custom_margin=&#8221;0px||0px||true|false&#8221; hover_enabled=&#8221;0&#8243; global_colors_info=&#8221;{}&#8221; admin_label=&#8221;stadgar&#8221; module_id=&#8221;stadgar&#8221; sticky_enabled=&#8221;0&#8243;][et_pb_column type=&#8221;4_4&#8243; _builder_version=&#8221;4.27.4&#8243; _module_preset=&#8221;default&#8221; global_colors_info=&#8221;{}&#8221;][et_pb_divider _builder_version=&#8221;4.27.4&#8243; _module_preset=&#8221;default&#8221; hover_enabled=&#8221;0&#8243; sticky_enabled=&#8221;0&#8243;][\/et_pb_divider][et_pb_text module_class=&#8221;tagged tagged-h6&#8243; _builder_version=&#8221;4.17.4&#8243; _module_preset=&#8221;default&#8221; global_colors_info=&#8221;{}&#8221;]<\/p>\n<h6>Stadgar<\/h6>\n<h2>Styrdokument f\u00f6r klubben<\/h2>\n<p>[\/et_pb_text][et_pb_text admin_label=&#8221;Text&#8221; module_class=&#8221;tagged tagged-h6&#8243; _builder_version=&#8221;4.24.2&#8243; _module_preset=&#8221;default&#8221; global_colors_info=&#8221;{}&#8221;]<\/p>\n<p>VFK \u00e4r V\u00e4rnamo Frisksportklubb och VFU \u00e4r V\u00e4rnamo Frisksportungdom<\/p>\n<p>[\/et_pb_text][et_pb_button button_url=&#8221;https:\/\/frisksport.se\/varnamo\/wp-content\/uploads\/sites\/29\/2026\/03\/Stadgar-VFK-2026.pdf&#8221; url_new_window=&#8221;on&#8221; button_text=&#8221;Stadgar VFK&#8221; button_alignment=&#8221;left&#8221; admin_label=&#8221;Knapp&#8221; _builder_version=&#8221;4.27.4&#8243; _module_preset=&#8221;default&#8221; custom_button=&#8221;on&#8221; button_text_size=&#8221;14px&#8221; button_text_color=&#8221;#0072DA&#8221; button_bg_color=&#8221;#FFF3BC&#8221; button_border_color=&#8221;#FFF3BC&#8221; button_border_radius=&#8221;0px&#8221; button_letter_spacing=&#8221;1.2px&#8221; button_font=&#8221;Averta Extra Bold|||on|||||&#8221; custom_margin=&#8221;|10px|||false|false&#8221; custom_padding=&#8221;10px|30px|10px|30px|false|false&#8221; locked=&#8221;off&#8221; global_colors_info=&#8221;{}&#8221;][\/et_pb_button][et_pb_button button_url=&#8221;https:\/\/frisksport.se\/varnamo\/wp-content\/uploads\/sites\/29\/2026\/03\/Stadgar-VFU-2025-.pdf&#8221; url_new_window=&#8221;on&#8221; button_text=&#8221;Stadgar VFU&#8221; button_alignment=&#8221;left&#8221; _builder_version=&#8221;4.27.4&#8243; _module_preset=&#8221;default&#8221; custom_button=&#8221;on&#8221; button_text_size=&#8221;14px&#8221; button_text_color=&#8221;#0072DA&#8221; button_bg_color=&#8221;#FFF3BC&#8221; button_border_color=&#8221;#FFF3BC&#8221; button_border_radius=&#8221;0px&#8221; button_letter_spacing=&#8221;1.2px&#8221; button_font=&#8221;Averta Extra Bold|||on|||||&#8221; custom_margin=&#8221;|10px|||false|false&#8221; custom_padding=&#8221;10px|30px|10px|30px|false|false&#8221; locked=&#8221;off&#8221; global_colors_info=&#8221;{}&#8221;][\/et_pb_button][\/et_pb_column][\/et_pb_row][\/et_pb_section]<\/p>\n","protected":false},"excerpt":{"rendered":"<p>Reser\u00e4kning Utl\u00e4gg och resorF\u00f6r ledare och f\u00f6rtroendevalda som \u00e5ker p\u00e5 uppdrag av klubben ges milers\u00e4ttning p\u00e5 25 kr\/mil f\u00f6r resa med bil och utl\u00e4gg f\u00f6r exempelvis t\u00e5gbiljetter\/ink\u00f6p av utrustning ers\u00e4tts [&hellip;]<\/p>\n","protected":false},"author":4,"featured_media":0,"parent":0,"menu_order":0,"comment_status":"closed","ping_status":"closed","template":"page-tpl-w-sticky-sidebar.php","meta":{"_acf_changed":false,"_et_pb_use_builder":"on","_et_pb_old_content":"","_et_gb_content_width":"","footnotes":""},"class_list":["post-18170","page","type-page","status-publish","hentry"],"acf":[],"_links":{"self":[{"href":"https:\/\/frisksport.se\/varnamo\/wp-json\/wp\/v2\/pages\/18170","targetHints":{"allow":["GET"]}}],"collection":[{"href":"https:\/\/frisksport.se\/varnamo\/wp-json\/wp\/v2\/pages"}],"about":[{"href":"https:\/\/frisksport.se\/varnamo\/wp-json\/wp\/v2\/types\/page"}],"author":[{"embeddable":true,"href":"https:\/\/frisksport.se\/varnamo\/wp-json\/wp\/v2\/users\/4"}],"replies":[{"embeddable":true,"href":"https:\/\/frisksport.se\/varnamo\/wp-json\/wp\/v2\/comments?post=18170"}],"version-history":[{"count":19,"href":"https:\/\/frisksport.se\/varnamo\/wp-json\/wp\/v2\/pages\/18170\/revisions"}],"predecessor-version":[{"id":19907,"href":"https:\/\/frisksport.se\/varnamo\/wp-json\/wp\/v2\/pages\/18170\/revisions\/19907"}],"wp:attachment":[{"href":"https:\/\/frisksport.se\/varnamo\/wp-json\/wp\/v2\/media?parent=18170"}],"curies":[{"name":"wp","href":"https:\/\/api.w.org\/{rel}","templated":true}]}}